Last updated on 2024-06-27 01:55:20 CEST.
Flavor | Version | Tinstall | Tcheck | Ttotal | Status | Flags |
---|---|---|---|---|---|---|
r-devel-linux-x86_64-debian-clang | 1.73 | OK | ||||
r-devel-linux-x86_64-debian-gcc | 1.73 | 5.69 | 56.75 | 62.44 | OK | |
r-devel-linux-x86_64-fedora-clang | 1.73 | 104.54 | NOTE | |||
r-devel-linux-x86_64-fedora-gcc | 1.73 | 111.54 | NOTE | |||
r-devel-windows-x86_64 | 1.73 | 7.00 | 107.00 | 114.00 | OK | |
r-patched-linux-x86_64 | 1.73 | 7.22 | 74.40 | 81.62 | OK | |
r-release-linux-x86_64 | 1.73 | 5.75 | 72.80 | 78.55 | OK | |
r-release-macos-arm64 | 1.73 | 39.00 | OK | |||
r-release-macos-x86_64 | 1.73 | 55.00 | OK | |||
r-release-windows-x86_64 | 1.73 | 7.00 | 109.00 | 116.00 | OK | |
r-oldrel-macos-arm64 | 1.73 | 55.00 | OK | |||
r-oldrel-macos-x86_64 | 1.73 | 130.00 | OK | |||
r-oldrel-windows-x86_64 | 1.73 | 9.00 | 114.00 | 123.00 | OK |
Version: 1.73
Check: dependencies in R code
Result: NOTE
Namespace in Imports field not imported from: ‘RUnit’
All declared Imports should be used.
Flavors: r-devel-linux-x86_64-fedora-clang, r-devel-linux-x86_64-fedora-gcc