Last updated on 2024-06-18 01:50:17 CEST.
Flavor | Version | Tinstall | Tcheck | Ttotal | Status | Flags |
---|---|---|---|---|---|---|
r-devel-linux-x86_64-debian-clang | 1.1.2 | 21.65 | 57.86 | 79.51 | NOTE | |
r-devel-linux-x86_64-debian-gcc | 1.1.2 | 15.77 | 43.03 | 58.80 | NOTE | |
r-devel-linux-x86_64-fedora-clang | 1.1.2 | 109.57 | NOTE | |||
r-devel-linux-x86_64-fedora-gcc | 1.1.2 | 118.05 | NOTE | |||
r-devel-windows-x86_64 | 1.1.2 | 21.00 | 81.00 | 102.00 | NOTE | |
r-patched-linux-x86_64 | 1.1.2 | 19.84 | 53.51 | 73.35 | NOTE | |
r-release-linux-x86_64 | 1.1.2 | 19.18 | 55.64 | 74.82 | NOTE | |
r-release-macos-arm64 | 1.1.2 | 33.00 | NOTE | |||
r-release-macos-x86_64 | 1.1.2 | 51.00 | NOTE | |||
r-release-windows-x86_64 | 1.1.2 | 20.00 | 80.00 | 100.00 | NOTE | |
r-oldrel-macos-arm64 | 1.1.2 | 35.00 | NOTE | |||
r-oldrel-macos-x86_64 | 1.1.2 | 63.00 | NOTE | |||
r-oldrel-windows-x86_64 | 1.1.2 | 24.00 | 89.00 | 113.00 | NOTE |
Version: 1.1.2
Check: C++ specification
Result: NOTE
Specified C++11: please drop specification unless essential
Flavors: r-devel-linux-x86_64-debian-clang, r-devel-linux-x86_64-debian-gcc, r-devel-linux-x86_64-fedora-clang, r-devel-linux-x86_64-fedora-gcc, r-devel-windows-x86_64, r-patched-linux-x86_64, r-release-linux-x86_64, r-release-macos-arm64, r-release-macos-x86_64, r-release-windows-x86_64, r-oldrel-macos-arm64, r-oldrel-macos-x86_64, r-oldrel-windows-x86_64
Version: 1.1.2
Check: LazyData
Result: NOTE
'LazyData' is specified without a 'data' directory
Flavors: r-devel-linux-x86_64-debian-clang, r-devel-linux-x86_64-debian-gcc, r-devel-linux-x86_64-fedora-clang, r-devel-linux-x86_64-fedora-gcc, r-devel-windows-x86_64, r-patched-linux-x86_64, r-release-linux-x86_64, r-release-macos-arm64, r-release-macos-x86_64, r-release-windows-x86_64, r-oldrel-macos-arm64, r-oldrel-macos-x86_64, r-oldrel-windows-x86_64