Last updated on 2024-06-27 01:55:19 CEST.
Flavor | Version | Tinstall | Tcheck | Ttotal | Status | Flags |
---|---|---|---|---|---|---|
r-devel-linux-x86_64-debian-clang | 0.2.3 | OK | ||||
r-devel-linux-x86_64-debian-gcc | 0.2.3 | 72.32 | 23.32 | 95.64 | OK | |
r-devel-linux-x86_64-fedora-gcc | 0.2.3 | 239.38 | OK | |||
r-devel-windows-x86_64 | 0.2.3 | 95.00 | 120.00 | 215.00 | NOTE | |
r-patched-linux-x86_64 | 0.2.3 | 89.13 | 29.85 | 118.98 | OK | |
r-release-linux-x86_64 | 0.2.3 | 94.59 | 28.76 | 123.35 | OK | |
r-release-macos-arm64 | 0.2.3 | 49.00 | NOTE | |||
r-release-macos-x86_64 | 0.2.3 | 63.00 | NOTE | |||
r-release-windows-x86_64 | 0.2.3 | 95.00 | 131.00 | 226.00 | NOTE | |
r-oldrel-macos-arm64 | 0.2.3 | 54.00 | NOTE | |||
r-oldrel-macos-x86_64 | 0.2.3 | 77.00 | NOTE | |||
r-oldrel-windows-x86_64 | 0.2.3 | 89.00 | 141.00 | 230.00 | NOTE |
Version: 0.2.3
Check: installed package size
Result: NOTE
installed size is 21.6Mb
sub-directories of 1Mb or more:
libs 10.5Mb
share 10.2Mb
Flavors: r-devel-windows-x86_64, r-release-macos-arm64, r-release-macos-x86_64, r-release-windows-x86_64, r-oldrel-macos-arm64, r-oldrel-macos-x86_64, r-oldrel-windows-x86_64