Last updated on 2024-06-27 01:55:19 CEST.
Flavor | Version | Tinstall | Tcheck | Ttotal | Status | Flags |
---|---|---|---|---|---|---|
r-devel-linux-x86_64-debian-clang | 0.1.1 | NOTE | ||||
r-devel-linux-x86_64-debian-gcc | 0.1.1 | 14.50 | 45.77 | 60.27 | NOTE | |
r-devel-linux-x86_64-fedora-clang | 0.1.1 | 115.95 | NOTE | |||
r-devel-linux-x86_64-fedora-gcc | 0.1.1 | 105.26 | NOTE | |||
r-devel-windows-x86_64 | 0.1.1 | 20.00 | 85.00 | 105.00 | NOTE | |
r-patched-linux-x86_64 | 0.1.1 | 20.23 | 59.69 | 79.92 | NOTE | |
r-release-linux-x86_64 | 0.1.1 | 20.09 | 60.29 | 80.38 | NOTE | |
r-release-macos-arm64 | 0.1.1 | 30.00 | NOTE | |||
r-release-macos-x86_64 | 0.1.1 | 53.00 | NOTE | |||
r-release-windows-x86_64 | 0.1.1 | 19.00 | 81.00 | 100.00 | NOTE | |
r-oldrel-macos-arm64 | 0.1.1 | 33.00 | OK | |||
r-oldrel-macos-x86_64 | 0.1.1 | 54.00 | OK | |||
r-oldrel-windows-x86_64 | 0.1.1 | 20.00 | 95.00 | 115.00 | OK |
Version: 0.1.1
Check: Rd files
Result: NOTE
checkRd: (-1) image_contour_detector.Rd:19: Lost braces in \itemize; \value handles \item{}{} directly
checkRd: (-1) image_contour_detector.Rd:20: Lost braces in \itemize; \value handles \item{}{} directly
checkRd: (-1) image_contour_detector.Rd:21: Lost braces in \itemize; \value handles \item{}{} directly
Flavors: r-devel-linux-x86_64-debian-clang, r-devel-linux-x86_64-debian-gcc, r-devel-linux-x86_64-fedora-clang, r-devel-linux-x86_64-fedora-gcc, r-devel-windows-x86_64, r-patched-linux-x86_64, r-release-linux-x86_64, r-release-macos-arm64, r-release-macos-x86_64, r-release-windows-x86_64