Last updated on 2024-06-27 01:55:19 CEST.
Flavor | Version | Tinstall | Tcheck | Ttotal | Status | Flags |
---|---|---|---|---|---|---|
r-devel-linux-x86_64-debian-clang | 2.0.3 | NOTE | ||||
r-devel-linux-x86_64-debian-gcc | 2.0.3 | 236.27 | 361.73 | 598.00 | NOTE | |
r-devel-linux-x86_64-fedora-clang | 2.0.3 | 1096.13 | NOTE | |||
r-devel-linux-x86_64-fedora-gcc | 2.0.3 | 1084.54 | NOTE | |||
r-devel-windows-x86_64 | 2.0.3 | 389.00 | 469.00 | 858.00 | NOTE | |
r-patched-linux-x86_64 | 2.0.3 | 300.31 | 463.18 | 763.49 | OK | |
r-release-linux-x86_64 | 2.0.3 | 286.81 | 472.52 | 759.33 | OK | |
r-release-macos-arm64 | 2.0.3 | 229.00 | NOTE | |||
r-release-macos-x86_64 | 2.0.3 | 298.00 | NOTE | |||
r-release-windows-x86_64 | 2.0.3 | 419.00 | 480.00 | 899.00 | NOTE | |
r-oldrel-macos-arm64 | 2.0.3 | 230.00 | NOTE | |||
r-oldrel-macos-x86_64 | 2.0.3 | 410.00 | NOTE | |||
r-oldrel-windows-x86_64 | 2.0.3 | 444.00 | 587.00 | 1031.00 | NOTE |
Version: 2.0.3
Check: compiled code
Result: NOTE
File ‘igraph/libs/igraph.so’:
Found non-API calls to R: ‘PRENV’, ‘R_PromiseExpr’, ‘SETLENGTH’,
‘SET_GROWABLE_BIT’, ‘SET_TRUELENGTH’
Compiled code should not call non-API entry points in R.
See ‘Writing portable packages’ in the ‘Writing R Extensions’ manual.
Flavors: r-devel-linux-x86_64-debian-clang, r-devel-linux-x86_64-debian-gcc, r-devel-linux-x86_64-fedora-clang, r-devel-linux-x86_64-fedora-gcc
Version: 2.0.3
Check: installed package size
Result: NOTE
installed size is 8.8Mb
sub-directories of 1Mb or more:
R 1.4Mb
doc 1.2Mb
help 2.0Mb
libs 3.6Mb
Flavors: r-devel-linux-x86_64-fedora-clang, r-devel-windows-x86_64, r-release-macos-arm64, r-release-macos-x86_64, r-release-windows-x86_64, r-oldrel-macos-arm64, r-oldrel-macos-x86_64, r-oldrel-windows-x86_64
Version: 2.0.3
Check: compiled code
Result: NOTE
File 'igraph/libs/x64/igraph.dll':
Found non-API calls to R: 'PRENV', 'R_PromiseExpr', 'SETLENGTH',
'SET_GROWABLE_BIT', 'SET_TRUELENGTH'
Compiled code should not call non-API entry points in R.
See 'Writing portable packages' in the 'Writing R Extensions' manual.
Flavor: r-devel-windows-x86_64