Last updated on 2024-06-30 01:54:36 CEST.
Flavor | Version | Tinstall | Tcheck | Ttotal | Status | Flags |
---|---|---|---|---|---|---|
r-devel-linux-x86_64-debian-clang | 1.6.7 | 46.11 | 194.29 | 240.40 | OK | |
r-devel-linux-x86_64-debian-gcc | 1.6.7 | 35.29 | 139.70 | 174.99 | OK | |
r-devel-linux-x86_64-fedora-clang | 1.6.7 | 312.04 | NOTE | |||
r-devel-linux-x86_64-fedora-gcc | 1.6.7 | 291.50 | OK | |||
r-devel-windows-x86_64 | 1.6.7 | 41.00 | 159.00 | 200.00 | OK | |
r-patched-linux-x86_64 | 1.6.7 | 43.40 | 184.50 | 227.90 | OK | |
r-release-linux-x86_64 | 1.6.7 | 39.34 | 181.03 | 220.37 | OK | |
r-release-macos-arm64 | 1.6.7 | 75.00 | OK | |||
r-release-macos-x86_64 | 1.6.7 | 114.00 | OK | |||
r-release-windows-x86_64 | 1.6.7 | 39.00 | 162.00 | 201.00 | OK | |
r-oldrel-macos-arm64 | 1.6.7 | 72.00 | OK | |||
r-oldrel-macos-x86_64 | 1.6.7 | 118.00 | OK | |||
r-oldrel-windows-x86_64 | 1.6.7 | 52.00 | 205.00 | 257.00 | OK |
Version: 1.6.7
Check: package dependencies
Result: NOTE
Imports includes 26 non-default packages.
Importing from so many packages makes the package vulnerable to any of
them becoming unavailable. Move as many as possible to Suggests and
use conditionally.
Flavor: r-devel-linux-x86_64-fedora-clang