Last updated on 2024-06-27 01:55:19 CEST.
Flavor | Version | Tinstall | Tcheck | Ttotal | Status | Flags |
---|---|---|---|---|---|---|
r-devel-linux-x86_64-debian-clang | 0.8.7 | OK | ||||
r-devel-linux-x86_64-debian-gcc | 0.8.7 | 6.53 | 57.50 | 64.03 | OK | |
r-devel-linux-x86_64-fedora-clang | 0.8.7 | 108.57 | NOTE | |||
r-devel-linux-x86_64-fedora-gcc | 0.8.7 | 98.68 | OK | |||
r-devel-windows-x86_64 | 0.8.7 | 9.00 | 77.00 | 86.00 | OK | |
r-patched-linux-x86_64 | 0.8.7 | 13.63 | 71.53 | 85.16 | OK | |
r-release-linux-x86_64 | 0.8.7 | 7.69 | 71.44 | 79.13 | OK | |
r-release-macos-arm64 | 0.8.7 | 32.00 | OK | |||
r-release-macos-x86_64 | 0.8.7 | 48.00 | OK | |||
r-release-windows-x86_64 | 0.8.7 | 10.00 | 77.00 | 87.00 | OK | |
r-oldrel-macos-arm64 | 0.8.7 | 37.00 | OK | |||
r-oldrel-macos-x86_64 | 0.8.7 | 61.00 | OK | |||
r-oldrel-windows-x86_64 | 0.8.7 | 12.00 | 88.00 | 100.00 | OK |
Version: 0.8.7
Check: Rd cross-references
Result: NOTE
Undeclared package ‘rlang’ in Rd xrefs
Flavor: r-devel-linux-x86_64-fedora-clang