Last updated on 2024-06-27 01:55:18 CEST.
Flavor | Version | Tinstall | Tcheck | Ttotal | Status | Flags |
---|---|---|---|---|---|---|
r-devel-linux-x86_64-debian-clang | 1.5.0 | NOTE | ||||
r-devel-linux-x86_64-debian-gcc | 1.5.0 | 8.06 | 218.30 | 226.36 | NOTE | |
r-devel-linux-x86_64-fedora-clang | 1.5.0 | 372.46 | NOTE | |||
r-devel-linux-x86_64-fedora-gcc | 1.5.0 | 371.23 | NOTE | |||
r-devel-windows-x86_64 | 1.5.0 | 9.00 | 213.00 | 222.00 | NOTE | |
r-patched-linux-x86_64 | 1.5.0 | 13.82 | 284.63 | 298.45 | NOTE | |
r-release-linux-x86_64 | 1.5.0 | 9.97 | 282.31 | 292.28 | NOTE | |
r-release-macos-arm64 | 1.5.0 | 115.00 | NOTE | |||
r-release-macos-x86_64 | 1.5.0 | 183.00 | NOTE | |||
r-release-windows-x86_64 | 1.5.0 | 9.00 | 219.00 | 228.00 | NOTE | |
r-oldrel-macos-arm64 | 1.5.0 | 104.00 | NOTE | |||
r-oldrel-macos-x86_64 | 1.5.0 | 222.00 | NOTE | |||
r-oldrel-windows-x86_64 | 1.5.0 | 13.00 | 286.00 | 299.00 | NOTE |
Version: 1.5.0
Check: Rd files
Result: NOTE
checkRd: (-1) heatmaply.Rd:282: Lost braces
282 | row and column dendrograms. The default uses stats{reorder.dendrogram}}
| ^
checkRd: (-1) heatmapr.Rd:93: Lost braces
93 | \item{reorderfun}{function(d, w) of dendrogram and weights for reordering the row and column dendrograms. The default uses stats{reorder.dendrogram}}
| ^
checkRd: (-1) is.plotly.Rd:16: Lost braces
16 | Helpful for the plot_method in link{heatmaply}.
| ^
Flavors: r-devel-linux-x86_64-debian-clang, r-devel-linux-x86_64-debian-gcc, r-devel-linux-x86_64-fedora-clang, r-devel-linux-x86_64-fedora-gcc, r-devel-windows-x86_64, r-patched-linux-x86_64, r-release-linux-x86_64, r-release-macos-arm64, r-release-macos-x86_64, r-release-windows-x86_64
Version: 1.5.0
Check: installed package size
Result: NOTE
installed size is 5.5Mb
sub-directories of 1Mb or more:
doc 5.1Mb
Flavors: r-devel-linux-x86_64-fedora-clang, r-devel-windows-x86_64, r-release-macos-arm64, r-release-macos-x86_64, r-release-windows-x86_64, r-oldrel-macos-arm64, r-oldrel-macos-x86_64, r-oldrel-windows-x86_64