Last updated on 2024-06-27 01:55:18 CEST.
Flavor | Version | Tinstall | Tcheck | Ttotal | Status | Flags |
---|---|---|---|---|---|---|
r-devel-linux-x86_64-debian-clang | 1.4.0 | OK | ||||
r-devel-linux-x86_64-debian-gcc | 1.4.0 | 5.92 | 98.24 | 104.16 | OK | |
r-devel-linux-x86_64-fedora-clang | 1.4.0 | 175.81 | OK | |||
r-devel-linux-x86_64-fedora-gcc | 1.4.0 | 189.78 | OK | |||
r-devel-windows-x86_64 | 1.4.0 | 8.00 | 127.00 | 135.00 | OK | |
r-patched-linux-x86_64 | 1.4.0 | 10.03 | 128.86 | 138.89 | OK | |
r-release-linux-x86_64 | 1.4.0 | 9.06 | 126.63 | 135.69 | OK | |
r-release-macos-arm64 | 1.4.0 | 54.00 | OK | |||
r-release-macos-x86_64 | 1.4.0 | 98.00 | OK | |||
r-release-windows-x86_64 | 1.4.0 | 9.00 | 127.00 | 136.00 | OK | |
r-oldrel-macos-arm64 | 1.4.0 | 66.00 | ERROR | |||
r-oldrel-macos-x86_64 | 1.4.0 | 111.00 | ERROR | |||
r-oldrel-windows-x86_64 | 1.4.0 | 10.00 | 153.00 | 163.00 | OK |
Version: 1.4.0
Check: running R code from vignettes
Result: ERROR
Errors in running code in vignettes:
when running code in ‘forge.Rmd’
...
> test_missing_column <- subset(penguin_test, select = -species)
> forge(test_missing_column, formula_eng)
When sourcing ‘forge.R’:
Error: The following required columns are missing: 'species'.
Execution halted
when running code in ‘mold.Rmd’
...
8 1 3200
9 1 3800
10 1 4400
# ℹ 323 more rows
> mold(~body_mass_g - 1, penguins)
When sourcing ‘mold.R’:
Error: `formula` must not contain the intercept removal term: `- 1`.
Execution halted
when running code in ‘package.Rmd’
...
> data(penguins)
> penguins <- na.omit(penguins)
> knitr::include_graphics("../man/figures/Fitting.png")
When sourcing ‘package.R’:
Error: Cannot find the file(s): "../man/figures/Fitting.png"
Execution halted
‘forge.Rmd’ using ‘UTF-8’... failed
‘mold.Rmd’ using ‘UTF-8’... failed
‘package.Rmd’ using ‘UTF-8’... failed
Flavors: r-oldrel-macos-arm64, r-oldrel-macos-x86_64