Last updated on 2024-06-30 01:54:35 CEST.
Flavor | Version | Tinstall | Tcheck | Ttotal | Status | Flags |
---|---|---|---|---|---|---|
r-devel-linux-x86_64-debian-clang | 1.2.0 | 11.23 | 118.10 | 129.33 | NOTE | |
r-devel-linux-x86_64-debian-gcc | 1.2.0 | 8.00 | 98.83 | 106.83 | NOTE | |
r-devel-linux-x86_64-fedora-clang | 1.2.0 | 189.09 | NOTE | |||
r-devel-linux-x86_64-fedora-gcc | 1.2.0 | 180.47 | NOTE | |||
r-devel-windows-x86_64 | 1.2.0 | 13.00 | 127.00 | 140.00 | NOTE | |
r-patched-linux-x86_64 | 1.2.0 | 10.32 | 128.95 | 139.27 | OK | |
r-release-linux-x86_64 | 1.2.0 | 11.23 | 125.25 | 136.48 | OK | |
r-release-macos-arm64 | 1.2.0 | 60.00 | OK | |||
r-release-macos-x86_64 | 1.2.0 | 88.00 | OK | |||
r-release-windows-x86_64 | 1.2.0 | 13.00 | 123.00 | 136.00 | OK | |
r-oldrel-macos-arm64 | 1.2.0 | 63.00 | OK | |||
r-oldrel-macos-x86_64 | 1.2.0 | 96.00 | OK | |||
r-oldrel-windows-x86_64 | 1.2.0 | 16.00 | 160.00 | 176.00 | OK |
Version: 1.2.0
Check: compiled code
Result: NOTE
File ‘gtfstools/libs/gtfstools.so’:
Found non-API calls to R: ‘SETLENGTH’, ‘SET_GROWABLE_BIT’,
‘SET_TRUELENGTH’
Compiled code should not call non-API entry points in R.
See ‘Writing portable packages’ in the ‘Writing R Extensions’ manual.
See section ‘Moving into C API compliance’ in the ‘Writing R
Extensions’ manual for issues with use of non-API entry points.
Flavors: r-devel-linux-x86_64-debian-clang, r-devel-linux-x86_64-debian-gcc, r-devel-linux-x86_64-fedora-clang, r-devel-linux-x86_64-fedora-gcc
Version: 1.2.0
Check: compiled code
Result: NOTE
File 'gtfstools/libs/x64/gtfstools.dll':
Found non-API calls to R: 'SETLENGTH', 'SET_GROWABLE_BIT',
'SET_TRUELENGTH'
Compiled code should not call non-API entry points in R.
See 'Writing portable packages' in the 'Writing R Extensions' manual.
See section 'Moving into C API compliance' in the 'Writing R
Extensions' manual for issues with use of non-API entry points.
Flavor: r-devel-windows-x86_64