Last updated on 2024-06-27 01:55:18 CEST.
Flavor | Version | Tinstall | Tcheck | Ttotal | Status | Flags |
---|---|---|---|---|---|---|
r-devel-linux-x86_64-debian-clang | 3.1.3.1 | NOTE | ||||
r-devel-linux-x86_64-debian-gcc | 3.1.3.1 | 5.49 | 64.61 | 70.10 | NOTE | |
r-devel-linux-x86_64-fedora-clang | 3.1.3.1 | 120.58 | NOTE | |||
r-devel-linux-x86_64-fedora-gcc | 3.1.3.1 | 126.76 | NOTE | |||
r-devel-windows-x86_64 | 3.1.3.1 | 9.00 | 95.00 | 104.00 | NOTE | |
r-patched-linux-x86_64 | 3.1.3.1 | 11.03 | 84.18 | 95.21 | NOTE | |
r-release-linux-x86_64 | 3.1.3.1 | 8.59 | 82.76 | 91.35 | NOTE | |
r-release-macos-arm64 | 3.1.3.1 | 40.00 | NOTE | |||
r-release-macos-x86_64 | 3.1.3.1 | 62.00 | NOTE | |||
r-release-windows-x86_64 | 3.1.3.1 | 9.00 | 97.00 | 106.00 | NOTE | |
r-oldrel-macos-arm64 | 3.1.3.1 | 50.00 | NOTE | |||
r-oldrel-macos-x86_64 | 3.1.3.1 | 136.00 | NOTE | |||
r-oldrel-windows-x86_64 | 3.1.3.1 | 9.00 | 104.00 | 113.00 | NOTE |
Version: 3.1.3.1
Check: Rd files
Result: NOTE
checkRd: (-1) barplot2.Rd:219: Escaped LaTeX specials: \_
checkRd: (-1) colorpanel.Rd:31: Escaped LaTeX specials: \#
checkRd: (-1) qqnorm.aov.Rd:33: Escaped LaTeX specials: \&
checkRd: (-1) venn.Rd:21: Lost braces
21 | in code{data} not in this list will be ignored. Use \code{NA} to
| ^
checkRd: (-1) venn.Rd:59: Escaped LaTeX specials: \_
Flavors: r-devel-linux-x86_64-debian-clang, r-devel-linux-x86_64-debian-gcc, r-devel-linux-x86_64-fedora-clang, r-devel-linux-x86_64-fedora-gcc, r-devel-windows-x86_64, r-patched-linux-x86_64, r-release-linux-x86_64, r-release-macos-arm64, r-release-macos-x86_64, r-release-windows-x86_64
Version: 3.1.3.1
Check: Rd files
Result: NOTE
checkRd: (-1) barplot2.Rd:219: Escaped LaTeX specials: \_
checkRd: (-1) colorpanel.Rd:31: Escaped LaTeX specials: \#
checkRd: (-1) qqnorm.aov.Rd:33: Escaped LaTeX specials: \&
checkRd: (-1) venn.Rd:59: Escaped LaTeX specials: \_
Flavors: r-oldrel-macos-arm64, r-oldrel-macos-x86_64, r-oldrel-windows-x86_64