Last updated on 2024-06-27 01:55:17 CEST.
Flavor | Version | Tinstall | Tcheck | Ttotal | Status | Flags |
---|---|---|---|---|---|---|
r-devel-linux-x86_64-debian-clang | 2.0.1 | OK | ||||
r-devel-linux-x86_64-debian-gcc | 2.0.1 | 3.82 | 74.36 | 78.18 | OK | |
r-devel-linux-x86_64-fedora-clang | 2.0.1 | 128.19 | NOTE | |||
r-devel-linux-x86_64-fedora-gcc | 2.0.1 | 131.33 | OK | |||
r-devel-windows-x86_64 | 2.0.1 | 6.00 | 124.00 | 130.00 | NOTE | |
r-patched-linux-x86_64 | 2.0.1 | 4.67 | 94.37 | 99.04 | OK | |
r-release-linux-x86_64 | 2.0.1 | 3.49 | 93.76 | 97.25 | OK | |
r-release-macos-arm64 | 2.0.1 | 66.00 | NOTE | |||
r-release-macos-x86_64 | 2.0.1 | 79.00 | NOTE | |||
r-release-windows-x86_64 | 2.0.1 | 6.00 | 128.00 | 134.00 | NOTE | |
r-oldrel-macos-arm64 | 2.0.1 | 53.00 | NOTE | |||
r-oldrel-macos-x86_64 | 2.0.1 | 124.00 | NOTE | |||
r-oldrel-windows-x86_64 | 2.0.1 | 8.00 | 138.00 | 146.00 | NOTE |
Version: 2.0.1
Check: installed package size
Result: NOTE
installed size is 6.8Mb
sub-directories of 1Mb or more:
doc 2.1Mb
extdata 3.5Mb
Flavors: r-devel-linux-x86_64-fedora-clang, r-devel-windows-x86_64, r-release-macos-arm64, r-release-macos-x86_64, r-release-windows-x86_64, r-oldrel-macos-arm64, r-oldrel-macos-x86_64, r-oldrel-windows-x86_64