Last updated on 2024-06-17 01:48:30 CEST.
Flavor | Version | Tinstall | Tcheck | Ttotal | Status | Flags |
---|---|---|---|---|---|---|
r-devel-linux-x86_64-debian-clang | 1.0-2 | 13.42 | 166.15 | 179.57 | NOTE | |
r-devel-linux-x86_64-debian-gcc | 1.0-2 | 9.20 | 116.08 | 125.28 | NOTE | |
r-devel-linux-x86_64-fedora-clang | 1.0-2 | 212.05 | NOTE | |||
r-devel-linux-x86_64-fedora-gcc | 1.0-2 | 198.39 | NOTE | |||
r-devel-windows-x86_64 | 1.0-2 | 13.00 | 127.00 | 140.00 | NOTE | |
r-patched-linux-x86_64 | 1.0-2 | 9.47 | 156.99 | 166.46 | NOTE | |
r-release-linux-x86_64 | 1.0-2 | 11.79 | 158.84 | 170.63 | NOTE | |
r-release-macos-arm64 | 1.0-2 | 57.00 | NOTE | |||
r-release-macos-x86_64 | 1.0-2 | 86.00 | NOTE | |||
r-release-windows-x86_64 | 1.0-2 | 12.00 | 151.00 | 163.00 | NOTE | |
r-oldrel-macos-arm64 | 1.0-2 | 47.00 | OK | |||
r-oldrel-macos-x86_64 | 1.0-2 | 152.00 | OK | |||
r-oldrel-windows-x86_64 | 1.0-2 | 16.00 | 158.00 | 174.00 | OK |
Version: 1.0-2
Check: Rd files
Result: NOTE
checkRd: (-1) parkinson.Rd:9: Lost braces in \itemize; meant \describe ?
checkRd: (-1) parkinson.Rd:10: Lost braces in \itemize; meant \describe ?
checkRd: (-1) parkinson.Rd:11: Lost braces in \itemize; meant \describe ?
Flavors: r-devel-linux-x86_64-debian-clang, r-devel-linux-x86_64-debian-gcc, r-devel-linux-x86_64-fedora-clang, r-devel-linux-x86_64-fedora-gcc, r-devel-windows-x86_64, r-patched-linux-x86_64, r-release-linux-x86_64, r-release-macos-arm64, r-release-macos-x86_64, r-release-windows-x86_64