Last updated on 2024-06-27 01:55:16 CEST.
Flavor | Version | Tinstall | Tcheck | Ttotal | Status | Flags |
---|---|---|---|---|---|---|
r-devel-linux-x86_64-debian-clang | 0.1.2 | OK | ||||
r-devel-linux-x86_64-debian-gcc | 0.1.2 | 4.89 | 32.73 | 37.62 | OK | |
r-devel-linux-x86_64-fedora-clang | 0.1.2 | 66.22 | NOTE | |||
r-devel-linux-x86_64-fedora-gcc | 0.1.2 | 59.46 | NOTE | |||
r-devel-windows-x86_64 | 0.1.2 | 8.00 | 53.00 | 61.00 | OK | |
r-patched-linux-x86_64 | 0.1.2 | 6.74 | 41.47 | 48.21 | OK | |
r-release-linux-x86_64 | 0.1.2 | 6.66 | 41.30 | 47.96 | OK | |
r-release-macos-arm64 | 0.1.2 | 22.00 | OK | |||
r-release-macos-x86_64 | 0.1.2 | 33.00 | OK | |||
r-release-windows-x86_64 | 0.1.2 | 8.00 | 53.00 | 61.00 | OK | |
r-oldrel-macos-arm64 | 0.1.2 | 26.00 | OK | |||
r-oldrel-macos-x86_64 | 0.1.2 | 34.00 | OK | |||
r-oldrel-windows-x86_64 | 0.1.2 | 9.00 | 58.00 | 67.00 | OK |
Version: 0.1.2
Check: dependencies in R code
Result: NOTE
Namespaces in Imports field not imported from:
‘rclipboard’ ‘shinyBS’ ‘shinyWidgets’ ‘shinyjs’
All declared Imports should be used.
Flavors: r-devel-linux-x86_64-fedora-clang, r-devel-linux-x86_64-fedora-gcc