Last updated on 2024-06-27 01:55:16 CEST.
Flavor | Version | Tinstall | Tcheck | Ttotal | Status | Flags |
---|---|---|---|---|---|---|
r-devel-linux-x86_64-debian-clang | 0.3.0 | OK | ||||
r-devel-linux-x86_64-debian-gcc | 0.3.0 | 204.79 | 263.58 | 468.37 | OK | |
r-devel-linux-x86_64-fedora-clang | 0.3.0 | 1013.56 | NOTE | |||
r-devel-linux-x86_64-fedora-gcc | 0.3.0 | 965.43 | OK | |||
r-devel-windows-x86_64 | 0.3.0 | 242.00 | 443.00 | 685.00 | NOTE | |
r-patched-linux-x86_64 | 0.3.0 | 198.72 | 334.51 | 533.23 | OK | |
r-release-linux-x86_64 | 0.3.0 | 198.54 | 339.04 | 537.58 | OK | |
r-release-macos-arm64 | 0.3.0 | 188.00 | NOTE | |||
r-release-macos-x86_64 | 0.3.0 | 240.00 | NOTE | |||
r-release-windows-x86_64 | 0.3.0 | 242.00 | 478.00 | 720.00 | NOTE | |
r-oldrel-macos-arm64 | 0.3.0 | 171.00 | NOTE | |||
r-oldrel-macos-x86_64 | 0.3.0 | 394.00 | NOTE | |||
r-oldrel-windows-x86_64 | 0.3.0 | 300.00 | 566.00 | 866.00 | NOTE |
Version: 0.3.0
Check: installed package size
Result: NOTE
installed size is 6.7Mb
sub-directories of 1Mb or more:
R 1.8Mb
doc 1.5Mb
help 2.1Mb
Flavors: r-devel-linux-x86_64-fedora-clang, r-devel-windows-x86_64, r-release-macos-arm64, r-release-macos-x86_64, r-release-windows-x86_64, r-oldrel-macos-arm64, r-oldrel-macos-x86_64, r-oldrel-windows-x86_64