Last updated on 2024-06-27 01:55:16 CEST.
Flavor | Version | Tinstall | Tcheck | Ttotal | Status | Flags |
---|---|---|---|---|---|---|
r-devel-linux-x86_64-debian-clang | 1.1-18 | NOTE | ||||
r-devel-linux-x86_64-debian-gcc | 1.1-18 | 1260.42 | 228.42 | 1488.84 | NOTE | |
r-devel-linux-x86_64-fedora-clang | 1.1-18 | 2124.04 | NOTE | |||
r-devel-linux-x86_64-fedora-gcc | 1.1-18 | 2995.79 | NOTE | |||
r-devel-windows-x86_64 | 1.1-18 | 1029.00 | 262.00 | 1291.00 | NOTE | |
r-patched-linux-x86_64 | 1.1-18 | 1538.30 | 305.65 | 1843.95 | NOTE | |
r-release-linux-x86_64 | 1.1-18 | 1530.72 | 296.17 | 1826.89 | NOTE | |
r-release-macos-arm64 | 1.1-18 | 565.00 | NOTE | |||
r-release-macos-x86_64 | 1.1-18 | 555.00 | NOTE | |||
r-release-windows-x86_64 | 1.1-18 | 1035.00 | 284.00 | 1319.00 | NOTE | |
r-oldrel-macos-arm64 | 1.1-18 | 516.00 | NOTE | |||
r-oldrel-macos-x86_64 | 1.1-18 | 560.00 | NOTE | |||
r-oldrel-windows-x86_64 | 1.1-18 | 1470.00 | 339.00 | 1809.00 | NOTE |
Version: 1.1-18
Check: for GNU extensions in Makefiles
Result: NOTE
GNU make is a SystemRequirements.
Flavors: r-devel-linux-x86_64-debian-clang, r-devel-linux-x86_64-debian-gcc, r-devel-linux-x86_64-fedora-clang, r-devel-linux-x86_64-fedora-gcc, r-devel-windows-x86_64, r-patched-linux-x86_64, r-release-linux-x86_64, r-release-macos-arm64, r-release-macos-x86_64, r-release-windows-x86_64, r-oldrel-macos-arm64, r-oldrel-macos-x86_64, r-oldrel-windows-x86_64
Version: 1.1-18
Check: installed package size
Result: NOTE
installed size is 14.5Mb
sub-directories of 1Mb or more:
libs 13.3Mb
Flavors: r-devel-linux-x86_64-fedora-clang, r-devel-windows-x86_64, r-release-macos-arm64, r-release-macos-x86_64, r-release-windows-x86_64, r-oldrel-macos-arm64, r-oldrel-macos-x86_64, r-oldrel-windows-x86_64