Last updated on 2024-06-27 01:55:16 CEST.
Flavor | Version | Tinstall | Tcheck | Ttotal | Status | Flags |
---|---|---|---|---|---|---|
r-devel-linux-x86_64-debian-clang | 0.2 | NOTE | ||||
r-devel-linux-x86_64-debian-gcc | 0.2 | 2.27 | 25.36 | 27.63 | NOTE | |
r-devel-linux-x86_64-fedora-clang | 0.2 | 47.57 | NOTE | |||
r-devel-linux-x86_64-fedora-gcc | 0.2 | 43.16 | NOTE | |||
r-devel-windows-x86_64 | 0.2 | 3.00 | 48.00 | 51.00 | NOTE | |
r-patched-linux-x86_64 | 0.2 | 3.23 | 32.92 | 36.15 | NOTE | |
r-release-linux-x86_64 | 0.2 | 2.77 | 34.02 | 36.79 | NOTE | |
r-release-macos-arm64 | 0.2 | 16.00 | NOTE | |||
r-release-macos-x86_64 | 0.2 | 25.00 | NOTE | |||
r-release-windows-x86_64 | 0.2 | 5.00 | 50.00 | 55.00 | NOTE | |
r-oldrel-macos-arm64 | 0.2 | 17.00 | NOTE | |||
r-oldrel-macos-x86_64 | 0.2 | 25.00 | NOTE | |||
r-oldrel-windows-x86_64 | 0.2 | 3.00 | 52.00 | 55.00 | NOTE |
Version: 0.2
Check: package subdirectories
Result: NOTE
Problems with news in ‘NEWS.md’:
No news entries found.
Flavors: r-devel-linux-x86_64-debian-clang, r-devel-linux-x86_64-debian-gcc, r-devel-linux-x86_64-fedora-clang, r-devel-linux-x86_64-fedora-gcc, r-devel-windows-x86_64, r-patched-linux-x86_64, r-release-linux-x86_64, r-release-macos-arm64, r-release-macos-x86_64, r-release-windows-x86_64, r-oldrel-macos-arm64, r-oldrel-macos-x86_64, r-oldrel-windows-x86_64