Last updated on 2024-06-27 01:55:15 CEST.
Flavor | Version | Tinstall | Tcheck | Ttotal | Status | Flags |
---|---|---|---|---|---|---|
r-devel-linux-x86_64-debian-clang | 1.1 | NOTE | ||||
r-devel-linux-x86_64-debian-gcc | 1.1 | 8.59 | 77.34 | 85.93 | NOTE | |
r-devel-linux-x86_64-fedora-clang | 1.1 | 147.99 | NOTE | |||
r-devel-linux-x86_64-fedora-gcc | 1.1 | 137.06 | NOTE | |||
r-devel-windows-x86_64 | 1.1 | 12.00 | 93.00 | 105.00 | OK | |
r-patched-linux-x86_64 | 1.1 | 13.39 | 101.64 | 115.03 | NOTE | |
r-release-linux-x86_64 | 1.1 | 14.15 | 102.30 | 116.45 | NOTE | |
r-release-macos-arm64 | 1.1 | 43.00 | OK | |||
r-release-macos-x86_64 | 1.1 | 68.00 | OK | |||
r-release-windows-x86_64 | 1.1 | 12.00 | 94.00 | 106.00 | OK | |
r-oldrel-macos-arm64 | 1.1 | 45.00 | OK | |||
r-oldrel-macos-x86_64 | 1.1 | 73.00 | OK | |||
r-oldrel-windows-x86_64 | 1.1 | 15.00 | 118.00 | 133.00 | OK |
Version: 1.1
Check: for non-standard things in the check directory
Result: NOTE
Found the following files/directories:
‘sample .nwk’
Flavors: r-devel-linux-x86_64-debian-clang, r-devel-linux-x86_64-debian-gcc, r-devel-linux-x86_64-fedora-clang, r-devel-linux-x86_64-fedora-gcc, r-patched-linux-x86_64, r-release-linux-x86_64