Last updated on 2024-06-18 01:50:13 CEST.
Flavor | Version | Tinstall | Tcheck | Ttotal | Status | Flags |
---|---|---|---|---|---|---|
r-devel-linux-x86_64-debian-clang | 0.2.2 | 2.74 | 27.25 | 29.99 | NOTE | |
r-devel-linux-x86_64-debian-gcc | 0.2.2 | 2.24 | 21.29 | 23.53 | NOTE | |
r-devel-linux-x86_64-fedora-clang | 0.2.2 | 39.57 | NOTE | |||
r-devel-linux-x86_64-fedora-gcc | 0.2.2 | 37.04 | NOTE | |||
r-devel-windows-x86_64 | 0.2.2 | 4.00 | 42.00 | 46.00 | NOTE | |
r-patched-linux-x86_64 | 0.2.2 | 3.75 | 27.00 | 30.75 | NOTE | |
r-release-linux-x86_64 | 0.2.2 | 2.33 | 26.72 | 29.05 | NOTE | |
r-release-macos-arm64 | 0.2.2 | 18.00 | NOTE | |||
r-release-macos-x86_64 | 0.2.2 | 24.00 | NOTE | |||
r-release-windows-x86_64 | 0.2.2 | 5.00 | 44.00 | 49.00 | NOTE | |
r-oldrel-macos-arm64 | 0.2.2 | 18.00 | OK | |||
r-oldrel-macos-x86_64 | 0.2.2 | 22.00 | OK | |||
r-oldrel-windows-x86_64 | 0.2.2 | 5.00 | 44.00 | 49.00 | OK |
Version: 0.2.2
Check: Rd files
Result: NOTE
checkRd: (-1) enp.Rd:30: Lost braces in \itemize; \value handles \item{}{} directly
checkRd: (-1) enp.Rd:31: Lost braces in \itemize; \value handles \item{}{} directly
checkRd: (-1) evolat.Rd:49: Lost braces in \itemize; \value handles \item{}{} directly
checkRd: (-1) evolat.Rd:50: Lost braces in \itemize; \value handles \item{}{} directly
checkRd: (-1) psns.Rd:37: Lost braces in \itemize; \value handles \item{}{} directly
checkRd: (-1) psns.Rd:38: Lost braces in \itemize; \value handles \item{}{} directly
Flavors: r-devel-linux-x86_64-debian-clang, r-devel-linux-x86_64-debian-gcc, r-devel-linux-x86_64-fedora-clang, r-devel-linux-x86_64-fedora-gcc, r-devel-windows-x86_64, r-patched-linux-x86_64, r-release-linux-x86_64, r-release-macos-arm64, r-release-macos-x86_64, r-release-windows-x86_64