Last updated on 2024-06-27 01:55:15 CEST.
Flavor | Version | Tinstall | Tcheck | Ttotal | Status | Flags |
---|---|---|---|---|---|---|
r-devel-linux-x86_64-debian-clang | 0.0.1.1 | NOTE | ||||
r-devel-linux-x86_64-debian-gcc | 0.0.1.1 | 1.82 | 21.25 | 23.07 | NOTE | |
r-devel-linux-x86_64-fedora-clang | 0.0.1.1 | 38.14 | NOTE | |||
r-devel-linux-x86_64-fedora-gcc | 0.0.1.1 | 35.94 | NOTE | |||
r-devel-windows-x86_64 | 0.0.1.1 | 3.00 | 44.00 | 47.00 | NOTE | |
r-patched-linux-x86_64 | 0.0.1.1 | 2.25 | 26.14 | 28.39 | NOTE | |
r-release-linux-x86_64 | 0.0.1.1 | 2.40 | 26.79 | 29.19 | NOTE | |
r-release-macos-arm64 | 0.0.1.1 | 16.00 | NOTE | |||
r-release-macos-x86_64 | 0.0.1.1 | 31.00 | NOTE | |||
r-release-windows-x86_64 | 0.0.1.1 | 3.00 | 44.00 | 47.00 | NOTE | |
r-oldrel-macos-arm64 | 0.0.1.1 | 20.00 | NOTE | |||
r-oldrel-macos-x86_64 | 0.0.1.1 | 22.00 | NOTE | |||
r-oldrel-windows-x86_64 | 0.0.1.1 | 4.00 | 44.00 | 48.00 | NOTE |
Version: 0.0.1.1
Check: LazyData
Result: NOTE
'LazyData' is specified without a 'data' directory
Flavors: r-devel-linux-x86_64-debian-clang, r-devel-linux-x86_64-debian-gcc, r-devel-linux-x86_64-fedora-clang, r-devel-linux-x86_64-fedora-gcc, r-devel-windows-x86_64, r-patched-linux-x86_64, r-release-linux-x86_64, r-release-macos-arm64, r-release-macos-x86_64, r-release-windows-x86_64, r-oldrel-macos-arm64, r-oldrel-macos-x86_64, r-oldrel-windows-x86_64
Version: 0.0.1.1
Check: dependencies in R code
Result: NOTE
Namespaces in Imports field not imported from:
‘cubature’ ‘rootSolve’
All declared Imports should be used.
Flavors: r-devel-linux-x86_64-fedora-clang, r-devel-linux-x86_64-fedora-gcc