Last updated on 2024-06-27 01:55:15 CEST.
Flavor | Version | Tinstall | Tcheck | Ttotal | Status | Flags |
---|---|---|---|---|---|---|
r-devel-linux-x86_64-debian-clang | 1.1-28 | OK | ||||
r-devel-linux-x86_64-debian-gcc | 1.1-28 | 31.64 | 231.09 | 262.73 | OK | |
r-devel-linux-x86_64-fedora-clang | 1.1-28 | 452.79 | NOTE | |||
r-devel-linux-x86_64-fedora-gcc | 1.1-28 | 448.33 | NOTE | |||
r-devel-windows-x86_64 | 1.1-28 | 36.00 | 202.00 | 238.00 | OK | |
r-patched-linux-x86_64 | 1.1-28 | 42.64 | 308.08 | 350.72 | OK | |
r-release-linux-x86_64 | 1.1-28 | 35.75 | 303.82 | 339.57 | OK | |
r-release-macos-arm64 | 1.1-28 | 101.00 | OK | |||
r-release-macos-x86_64 | 1.1-28 | 184.00 | OK | |||
r-release-windows-x86_64 | 1.1-28 | 37.00 | 204.00 | 241.00 | OK | |
r-oldrel-macos-arm64 | 1.1-28 | 108.00 | OK | |||
r-oldrel-macos-x86_64 | 1.1-28 | 201.00 | OK | |||
r-oldrel-windows-x86_64 | 1.1-28 | 49.00 | 264.00 | 313.00 | OK |
Version: 1.1-28
Check: compiled code
Result: NOTE
File ‘elsa/libs/elsa.so’:
Found no calls to: ‘R_registerRoutines’, ‘R_useDynamicSymbols’
It is good practice to register native routines and to disable symbol
search.
See ‘Writing portable packages’ in the ‘Writing R Extensions’ manual.
Flavors: r-devel-linux-x86_64-fedora-clang, r-devel-linux-x86_64-fedora-gcc