Last updated on 2024-06-30 01:54:33 CEST.
Flavor | Version | Tinstall | Tcheck | Ttotal | Status | Flags |
---|---|---|---|---|---|---|
r-devel-linux-x86_64-debian-clang | 4.2-2 | 19.50 | 218.50 | 238.00 | OK | |
r-devel-linux-x86_64-debian-gcc | 4.2-2 | 12.45 | 158.59 | 171.04 | OK | |
r-devel-linux-x86_64-fedora-clang | 4.2-2 | 310.68 | OK | |||
r-devel-linux-x86_64-fedora-gcc | 4.2-2 | 326.10 | OK | |||
r-devel-windows-x86_64 | 4.2-2 | 14.00 | 212.00 | 226.00 | OK | |
r-patched-linux-x86_64 | 4.2-2 | 18.36 | 211.56 | 229.92 | OK | |
r-release-linux-x86_64 | 4.2-2 | 17.75 | 209.37 | 227.12 | OK | |
r-release-macos-arm64 | 4.2-2 | 88.00 | OK | |||
r-release-macos-x86_64 | 4.2-2 | 131.00 | WARN | |||
r-release-windows-x86_64 | 4.2-2 | 14.00 | 217.00 | 231.00 | OK | |
r-oldrel-macos-arm64 | 4.2-2 | 97.00 | OK | |||
r-oldrel-macos-x86_64 | 4.2-2 | 175.00 | OK | |||
r-oldrel-windows-x86_64 | 4.2-2 | 18.00 | 247.00 | 265.00 | OK |
Version: 4.2-2
Check: re-building of vignette outputs
Result: WARN
Error(s) in re-building vignettes:
--- re-building ‘functions-supported-by-effects.Rnw’ using knitr
--- finished re-building ‘functions-supported-by-effects.Rnw’
--- re-building ‘partial-residuals.Rnw’ using knitr
Error: processing vignette 'partial-residuals.Rnw' failed with diagnostics:
Running 'texi2dvi' on 'partial-residuals.tex' failed.
LaTeX errors:
! Undefined control sequence.
l.123 \hldef
{mvrunif} \hlkwb{<-} \hlkwa{function}\hldef{(}\hlkwc{n}\hldef{,}...
?
! Emergency stop.
l.123
End of file on the terminal!
! ==> Fatal error occurred, no output PDF file produced!
--- failed re-building ‘partial-residuals.Rnw’
--- re-building ‘predictor-effects-gallery.Rnw’ using knitr
--- finished re-building ‘predictor-effects-gallery.Rnw’
SUMMARY: processing the following file failed:
‘partial-residuals.Rnw’
Error: Vignette re-building failed.
Execution halted
Flavor: r-release-macos-x86_64