Last updated on 2024-06-27 01:55:15 CEST.
Flavor | Version | Tinstall | Tcheck | Ttotal | Status | Flags |
---|---|---|---|---|---|---|
r-devel-linux-x86_64-debian-clang | 1.0.0 | OK | ||||
r-devel-linux-x86_64-debian-gcc | 1.0.0 | 10.43 | 192.60 | 203.03 | OK | |
r-devel-linux-x86_64-fedora-clang | 1.0.0 | 349.71 | OK | |||
r-devel-linux-x86_64-fedora-gcc | 1.0.0 | 376.32 | OK | |||
r-devel-windows-x86_64 | 1.0.0 | 11.00 | 207.00 | 218.00 | OK | |
r-patched-linux-x86_64 | 1.0.0 | 14.72 | 266.31 | 281.03 | OK | |
r-release-linux-x86_64 | 1.0.0 | 10.93 | 266.56 | 277.49 | OK | |
r-release-macos-arm64 | 1.0.0 | 98.00 | OK | |||
r-release-macos-x86_64 | 1.0.0 | 169.00 | OK | |||
r-release-windows-x86_64 | 1.0.0 | 11.00 | 214.00 | 225.00 | OK | |
r-oldrel-macos-arm64 | 1.0.0 | 120.00 | OK | |||
r-oldrel-macos-x86_64 | 1.0.0 | 181.00 | NOTE | |||
r-oldrel-windows-x86_64 | 1.0.0 | 15.00 | 266.00 | 281.00 | OK |
Version: 1.0.0
Check: package dependencies
Result: NOTE
Package suggested but not available for checking: ‘untb’
Flavor: r-oldrel-macos-x86_64