Last updated on 2024-06-27 01:55:15 CEST.
Flavor | Version | Tinstall | Tcheck | Ttotal | Status | Flags |
---|---|---|---|---|---|---|
r-devel-linux-x86_64-debian-clang | 1.0.0 | OK | ||||
r-devel-linux-x86_64-debian-gcc | 1.0.0 | 60.75 | 421.08 | 481.83 | OK | |
r-devel-linux-x86_64-fedora-clang | 1.0.0 | 842.08 | NOTE | |||
r-devel-linux-x86_64-fedora-gcc | 1.0.0 | 862.54 | NOTE | |||
r-devel-windows-x86_64 | 1.0.0 | 59.00 | 367.00 | 426.00 | OK | |
r-patched-linux-x86_64 | 1.0.0 | 76.43 | 567.43 | 643.86 | OK | |
r-release-linux-x86_64 | 1.0.0 | 74.55 | 569.22 | 643.77 | OK | |
r-release-macos-arm64 | 1.0.0 | 128.00 | OK | |||
r-release-macos-x86_64 | 1.0.0 | 282.00 | OK | |||
r-release-windows-x86_64 | 1.0.0 | 63.00 | 365.00 | 428.00 | OK | |
r-oldrel-macos-arm64 | 1.0.0 | 149.00 | OK | |||
r-oldrel-macos-x86_64 | 1.0.0 | 267.00 | OK | |||
r-oldrel-windows-x86_64 | 1.0.0 | 82.00 | 506.00 | 588.00 | OK |
Version: 1.0.0
Check: data for non-ASCII characters
Result: NOTE
Note: found 74 marked UTF-8 strings
Flavors: r-devel-linux-x86_64-fedora-clang, r-devel-linux-x86_64-fedora-gcc