Last updated on 2024-06-27 01:55:14 CEST.
Flavor | Version | Tinstall | Tcheck | Ttotal | Status | Flags |
---|---|---|---|---|---|---|
r-devel-linux-x86_64-debian-clang | 0.2.1 | NOTE | ||||
r-devel-linux-x86_64-debian-gcc | 0.2.1 | 88.28 | 23.48 | 111.76 | NOTE | |
r-devel-linux-x86_64-fedora-clang | 0.2.1 | 272.33 | NOTE | |||
r-devel-linux-x86_64-fedora-gcc | 0.2.1 | 264.35 | NOTE | |||
r-devel-windows-x86_64 | 0.2.1 | 102.00 | 61.00 | 163.00 | NOTE | |
r-patched-linux-x86_64 | 0.2.1 | 109.56 | 28.93 | 138.49 | NOTE | |
r-release-linux-x86_64 | 0.2.1 | 107.68 | 29.03 | 136.71 | NOTE | |
r-release-macos-arm64 | 0.2.1 | 44.00 | NOTE | |||
r-release-macos-x86_64 | 0.2.1 | 47.00 | NOTE | |||
r-release-windows-x86_64 | 0.2.1 | 102.00 | 66.00 | 168.00 | NOTE | |
r-oldrel-macos-arm64 | 0.2.1 | 57.00 | NOTE | |||
r-oldrel-macos-x86_64 | 0.2.1 | 96.00 | NOTE | |||
r-oldrel-windows-x86_64 | 0.2.1 | 97.00 | 73.00 | 170.00 | NOTE |
Version: 0.2.1
Check: LazyData
Result: NOTE
'LazyData' is specified without a 'data' directory
Flavors: r-devel-linux-x86_64-debian-clang, r-devel-linux-x86_64-debian-gcc, r-devel-linux-x86_64-fedora-clang, r-devel-linux-x86_64-fedora-gcc, r-devel-windows-x86_64, r-patched-linux-x86_64, r-release-linux-x86_64, r-release-macos-arm64, r-release-macos-x86_64, r-release-windows-x86_64, r-oldrel-macos-arm64, r-oldrel-macos-x86_64, r-oldrel-windows-x86_64