Last updated on 2024-06-27 01:55:14 CEST.
Flavor | Version | Tinstall | Tcheck | Ttotal | Status | Flags |
---|---|---|---|---|---|---|
r-devel-linux-x86_64-debian-clang | 2.0.6 | NOTE | ||||
r-devel-linux-x86_64-debian-gcc | 2.0.6 | 21.06 | 221.88 | 242.94 | NOTE | |
r-devel-linux-x86_64-fedora-clang | 2.0.6 | 453.83 | OK | |||
r-devel-linux-x86_64-fedora-gcc | 2.0.6 | 794.00 | OK | |||
r-devel-windows-x86_64 | 2.0.6 | 23.00 | 193.00 | 216.00 | OK | |
r-patched-linux-x86_64 | 2.0.6 | 24.95 | 298.30 | 323.25 | NOTE | |
r-release-linux-x86_64 | 2.0.6 | 29.18 | 298.82 | 328.00 | NOTE | |
r-release-macos-arm64 | 2.0.6 | 88.00 | NOTE | |||
r-release-macos-x86_64 | 2.0.6 | 153.00 | NOTE | |||
r-release-windows-x86_64 | 2.0.6 | 24.00 | 193.00 | 217.00 | OK | |
r-oldrel-macos-arm64 | 2.0.6 | 108.00 | NOTE | |||
r-oldrel-macos-x86_64 | 2.0.6 | 347.00 | NOTE | |||
r-oldrel-windows-x86_64 | 2.0.6 | 28.00 | 264.00 | 292.00 | NOTE |
Version: 2.0.6
Check: package dependencies
Result: NOTE
Package which this enhances but not available for checking: ‘INLA’
Flavors: r-devel-linux-x86_64-debian-clang, r-devel-linux-x86_64-debian-gcc, r-patched-linux-x86_64, r-release-linux-x86_64, r-release-macos-arm64, r-release-macos-x86_64, r-oldrel-macos-arm64, r-oldrel-macos-x86_64, r-oldrel-windows-x86_64