Last updated on 2024-06-27 01:55:14 CEST.
Flavor | Version | Tinstall | Tcheck | Ttotal | Status | Flags |
---|---|---|---|---|---|---|
r-devel-linux-x86_64-debian-clang | 0.8.0 | OK | ||||
r-devel-linux-x86_64-debian-gcc | 0.8.0 | 5.69 | 51.02 | 56.71 | OK | |
r-devel-linux-x86_64-fedora-clang | 0.8.0 | 97.88 | NOTE | |||
r-devel-linux-x86_64-fedora-gcc | 0.8.0 | 109.90 | OK | |||
r-devel-windows-x86_64 | 0.8.0 | 8.00 | 76.00 | 84.00 | OK | |
r-patched-linux-x86_64 | 0.8.0 | 9.34 | 65.19 | 74.53 | OK | |
r-release-linux-x86_64 | 0.8.0 | 7.83 | 66.63 | 74.46 | OK | |
r-release-macos-arm64 | 0.8.0 | 57.00 | OK | |||
r-release-macos-x86_64 | 0.8.0 | 117.00 | OK | |||
r-release-windows-x86_64 | 0.8.0 | 8.00 | 76.00 | 84.00 | OK | |
r-oldrel-macos-arm64 | 0.8.0 | 40.00 | OK | |||
r-oldrel-macos-x86_64 | 0.8.0 | 103.00 | OK | |||
r-oldrel-windows-x86_64 | 0.8.0 | 8.00 | 85.00 | 93.00 | OK |
Version: 0.8.0
Check: Rd cross-references
Result: NOTE
Undeclared package ‘car’ in Rd xrefs
Flavor: r-devel-linux-x86_64-fedora-clang