Last updated on 2024-06-27 01:55:14 CEST.
Flavor | Version | Tinstall | Tcheck | Ttotal | Status | Flags |
---|---|---|---|---|---|---|
r-devel-linux-x86_64-debian-clang | 1.5 | OK | ||||
r-devel-linux-x86_64-debian-gcc | 1.5 | 4.43 | 26.55 | 30.98 | OK | |
r-devel-linux-x86_64-fedora-clang | 1.5 | 51.81 | NOTE | |||
r-devel-linux-x86_64-fedora-gcc | 1.5 | 52.99 | NOTE | |||
r-devel-windows-x86_64 | 1.5 | 7.00 | 51.00 | 58.00 | OK | |
r-patched-linux-x86_64 | 1.5 | 5.52 | 34.16 | 39.68 | OK | |
r-release-linux-x86_64 | 1.5 | 4.91 | 34.03 | 38.94 | OK | |
r-release-macos-arm64 | 1.5 | 21.00 | OK | |||
r-release-macos-x86_64 | 1.5 | 31.00 | OK | |||
r-release-windows-x86_64 | 1.5 | 9.00 | 50.00 | 59.00 | OK | |
r-oldrel-macos-arm64 | 1.5 | 21.00 | OK | |||
r-oldrel-macos-x86_64 | 1.5 | 29.00 | OK | |||
r-oldrel-windows-x86_64 | 1.5 | 7.00 | 55.00 | 62.00 | OK |
Version: 1.5
Check: compiled code
Result: NOTE
File ‘diffIRT/libs/diffIRT.so’:
Found no calls to: ‘R_registerRoutines’, ‘R_useDynamicSymbols’
It is good practice to register native routines and to disable symbol
search.
See ‘Writing portable packages’ in the ‘Writing R Extensions’ manual.
Flavors: r-devel-linux-x86_64-fedora-clang, r-devel-linux-x86_64-fedora-gcc