Last updated on 2024-06-27 01:55:14 CEST.
Flavor | Version | Tinstall | Tcheck | Ttotal | Status | Flags |
---|---|---|---|---|---|---|
r-devel-linux-x86_64-debian-clang | 1.0.2 | OK | ||||
r-devel-linux-x86_64-debian-gcc | 1.0.2 | 9.56 | 76.69 | 86.25 | OK | |
r-devel-linux-x86_64-fedora-clang | 1.0.2 | 145.29 | OK | |||
r-devel-linux-x86_64-fedora-gcc | 1.0.2 | 148.36 | OK | |||
r-devel-windows-x86_64 | 1.0.2 | 12.00 | 91.00 | 103.00 | OK | |
r-patched-linux-x86_64 | 1.0.2 | 21.12 | 98.51 | 119.63 | OK | |
r-release-linux-x86_64 | 1.0.2 | 7.67 | 98.63 | 106.30 | OK | |
r-release-macos-arm64 | 1.0.2 | 42.00 | OK | |||
r-release-macos-x86_64 | 1.0.2 | 63.00 | OK | |||
r-release-windows-x86_64 | 1.0.2 | 13.00 | 93.00 | 106.00 | OK | |
r-oldrel-macos-arm64 | 1.0.2 | 46.00 | OK | |||
r-oldrel-macos-x86_64 | 1.0.2 | 71.00 | NOTE | |||
r-oldrel-windows-x86_64 | 1.0.2 | 16.00 | 109.00 | 125.00 | OK |
Version: 1.0.2
Check: package dependencies
Result: NOTE
Package suggested but not available for checking: ‘missMDA’
Flavor: r-oldrel-macos-x86_64