Last updated on 2024-06-27 01:55:13 CEST.
Flavor | Version | Tinstall | Tcheck | Ttotal | Status | Flags |
---|---|---|---|---|---|---|
r-devel-linux-x86_64-debian-clang | 2.9.7 | NOTE | ||||
r-devel-linux-x86_64-debian-gcc | 2.9.7 | 74.71 | 552.06 | 626.77 | NOTE | |
r-devel-linux-x86_64-fedora-clang | 2.9.7 | 1071.26 | NOTE | |||
r-devel-linux-x86_64-fedora-gcc | 2.9.7 | 1051.65 | NOTE | |||
r-devel-windows-x86_64 | 2.9.7 | 69.00 | 573.00 | 642.00 | NOTE | |
r-patched-linux-x86_64 | 2.9.7 | 102.23 | 743.33 | 845.56 | NOTE | |
r-release-linux-x86_64 | 2.9.7 | 89.27 | 749.13 | 838.40 | NOTE | |
r-release-macos-arm64 | 2.9.7 | 237.00 | NOTE | |||
r-release-macos-x86_64 | 2.9.7 | 368.00 | NOTE | |||
r-release-windows-x86_64 | 2.9.7 | 73.00 | 594.00 | 667.00 | NOTE | |
r-oldrel-macos-arm64 | 2.9.7 | 250.00 | NOTE | |||
r-oldrel-macos-x86_64 | 2.9.7 | 569.00 | OK | |||
r-oldrel-windows-x86_64 | 2.9.7 | 99.00 | 760.00 | 859.00 | OK |
Version: 2.9.7
Check: Rd files
Result: NOTE
checkRd: (-1) gl.filter.maf.Rd:7: Lost braces; missing escapes or markup?
7 | {adegenet} object}
| ^
checkRd: (-1) gl.pcoa.Rd:68: Lost braces; missing escapes or markup?
68 | The function is essentially a wrapper for glPca {adegenet} or pcoa \{ape\}
| ^
checkRd: (-1) gl.play.history.Rd:17: Lost braces
17 | code{x2@other$history[c(1,4,5)]}). [optional].}
| ^
checkRd: (-1) utils.jackknife.Rd:49: Lost braces
49 | bold{Note} that when n is very small, jackknife resampling is not recommended.
| ^
checkRd: (-1) utils.jackknife.Rd:51: Lost braces
51 | Parallel computation is implemented. The argument code{n.cores} indicates the
| ^
Flavors: r-devel-linux-x86_64-debian-clang, r-devel-linux-x86_64-debian-gcc, r-devel-linux-x86_64-fedora-clang, r-devel-linux-x86_64-fedora-gcc, r-devel-windows-x86_64, r-patched-linux-x86_64, r-release-linux-x86_64, r-release-macos-arm64, r-release-macos-x86_64, r-release-windows-x86_64
Version: 2.9.7
Check: package dependencies
Result: NOTE
Package suggested but not available for checking: ‘snpStats’
Flavor: r-oldrel-macos-arm64
Version: 2.9.7
Check: Rd cross-references
Result: NOTE
Package unavailable to check Rd xrefs: ‘snpStats’
Flavor: r-oldrel-macos-arm64