Last updated on 2024-06-27 01:55:13 CEST.
Flavor | Version | Tinstall | Tcheck | Ttotal | Status | Flags |
---|---|---|---|---|---|---|
r-devel-linux-x86_64-debian-clang | 1.1.1 | OK | ||||
r-devel-linux-x86_64-debian-gcc | 1.1.1 | 8.06 | 200.70 | 208.76 | OK | |
r-devel-linux-x86_64-fedora-clang | 1.1.1 | 358.49 | NOTE | |||
r-devel-linux-x86_64-fedora-gcc | 1.1.1 | 346.41 | NOTE | |||
r-devel-windows-x86_64 | 1.1.1 | 10.00 | 282.00 | 292.00 | OK | |
r-patched-linux-x86_64 | 1.1.1 | 9.55 | 272.49 | 282.04 | OK | |
r-release-linux-x86_64 | 1.1.1 | 9.70 | 272.84 | 282.54 | OK | |
r-release-macos-arm64 | 1.1.1 | 124.00 | OK | |||
r-release-macos-x86_64 | 1.1.1 | 176.00 | OK | |||
r-release-windows-x86_64 | 1.1.1 | 10.00 | 290.00 | 300.00 | OK | |
r-oldrel-macos-arm64 | 1.1.1 | 134.00 | OK | |||
r-oldrel-macos-x86_64 | 1.1.1 | 221.00 | OK | |||
r-oldrel-windows-x86_64 | 1.1.1 | 14.00 | 362.00 | 376.00 | OK |
Version: 1.1.1
Check: data for non-ASCII characters
Result: NOTE
Note: found 89 marked Latin-1 strings
Note: found 1203 marked UTF-8 strings
Flavors: r-devel-linux-x86_64-fedora-clang, r-devel-linux-x86_64-fedora-gcc