Last updated on 2024-06-27 01:55:13 CEST.
Flavor | Version | Tinstall | Tcheck | Ttotal | Status | Flags |
---|---|---|---|---|---|---|
r-devel-linux-x86_64-debian-clang | 0.1.3 | OK | ||||
r-devel-linux-x86_64-debian-gcc | 0.1.3 | 6.92 | 40.01 | 46.93 | OK | |
r-devel-linux-x86_64-fedora-clang | 0.1.3 | 76.40 | NOTE | |||
r-devel-linux-x86_64-fedora-gcc | 0.1.3 | 79.23 | NOTE | |||
r-devel-windows-x86_64 | 0.1.3 | 8.00 | 62.00 | 70.00 | OK | |
r-patched-linux-x86_64 | 0.1.3 | 7.33 | 50.21 | 57.54 | OK | |
r-release-linux-x86_64 | 0.1.3 | 6.58 | 49.71 | 56.29 | OK | |
r-release-macos-arm64 | 0.1.3 | 28.00 | OK | |||
r-release-macos-x86_64 | 0.1.3 | 40.00 | OK | |||
r-release-windows-x86_64 | 0.1.3 | 9.00 | 64.00 | 73.00 | OK | |
r-oldrel-macos-arm64 | 0.1.3 | 29.00 | OK | |||
r-oldrel-macos-x86_64 | 0.1.3 | 43.00 | OK | |||
r-oldrel-windows-x86_64 | 0.1.3 | 11.00 | 68.00 | 79.00 | OK |
Version: 0.1.3
Check: data for non-ASCII characters
Result: NOTE
Note: found 4186 marked UTF-8 strings
Flavors: r-devel-linux-x86_64-fedora-clang, r-devel-linux-x86_64-fedora-gcc