Last updated on 2024-06-27 01:55:12 CEST.
Flavor | Version | Tinstall | Tcheck | Ttotal | Status | Flags |
---|---|---|---|---|---|---|
r-devel-linux-x86_64-debian-clang | 0.1.0 | NOTE | ||||
r-devel-linux-x86_64-debian-gcc | 0.1.0 | 5.82 | 44.00 | 49.82 | NOTE | |
r-devel-linux-x86_64-fedora-clang | 0.1.0 | 83.72 | NOTE | |||
r-devel-linux-x86_64-fedora-gcc | 0.1.0 | 83.60 | NOTE | |||
r-devel-windows-x86_64 | 0.1.0 | 8.00 | 67.00 | 75.00 | OK | |
r-patched-linux-x86_64 | 0.1.0 | 10.79 | 56.92 | 67.71 | NOTE | |
r-release-linux-x86_64 | 0.1.0 | 7.39 | 57.23 | 64.62 | NOTE | |
r-release-macos-arm64 | 0.1.0 | 28.00 | OK | |||
r-release-macos-x86_64 | 0.1.0 | 47.00 | OK | |||
r-release-windows-x86_64 | 0.1.0 | 8.00 | 70.00 | 78.00 | OK | |
r-oldrel-macos-arm64 | 0.1.0 | 28.00 | OK | |||
r-oldrel-macos-x86_64 | 0.1.0 | 43.00 | OK | |||
r-oldrel-windows-x86_64 | 0.1.0 | 8.00 | 78.00 | 86.00 | OK |
Version: 0.1.0
Check: for non-standard things in the check directory
Result: NOTE
Found the following files/directories:
‘figure01ceg.pdf’ ‘figure02ceg.pdf’ ‘staged.tree.graph.pdf’
‘stratified-event-tree-plot.pdf’
Flavors: r-devel-linux-x86_64-debian-clang, r-devel-linux-x86_64-debian-gcc, r-devel-linux-x86_64-fedora-clang, r-devel-linux-x86_64-fedora-gcc, r-patched-linux-x86_64, r-release-linux-x86_64