Last updated on 2024-06-27 01:55:11 CEST.
Flavor | Version | Tinstall | Tcheck | Ttotal | Status | Flags |
---|---|---|---|---|---|---|
r-devel-linux-x86_64-debian-clang | 2.0.2 | NOTE | ||||
r-devel-linux-x86_64-debian-gcc | 2.0.2 | 86.71 | 30.80 | 117.51 | NOTE | |
r-devel-linux-x86_64-fedora-clang | 2.0.2 | 262.14 | NOTE | |||
r-devel-linux-x86_64-fedora-gcc | 2.0.2 | 270.59 | NOTE | |||
r-devel-windows-x86_64 | 2.0.2 | 102.00 | 74.00 | 176.00 | NOTE | |
r-patched-linux-x86_64 | 2.0.2 | 113.13 | 39.93 | 153.06 | NOTE | |
r-release-linux-x86_64 | 2.0.2 | 96.69 | 38.27 | 134.96 | NOTE | |
r-release-macos-arm64 | 2.0.2 | 60.00 | NOTE | |||
r-release-macos-x86_64 | 2.0.2 | 74.00 | NOTE | |||
r-release-windows-x86_64 | 2.0.2 | 113.00 | 76.00 | 189.00 | NOTE | |
r-oldrel-macos-arm64 | 2.0.2 | 60.00 | NOTE | |||
r-oldrel-macos-x86_64 | 2.0.2 | 76.00 | NOTE | |||
r-oldrel-windows-x86_64 | 2.0.2 | 139.00 | 83.00 | 222.00 | NOTE |
Version: 2.0.2
Check: for GNU extensions in Makefiles
Result: NOTE
GNU make is a SystemRequirements.
Flavors: r-devel-linux-x86_64-debian-clang, r-devel-linux-x86_64-debian-gcc, r-devel-linux-x86_64-fedora-clang, r-devel-linux-x86_64-fedora-gcc, r-devel-windows-x86_64, r-patched-linux-x86_64, r-release-linux-x86_64, r-release-macos-arm64, r-release-macos-x86_64, r-release-windows-x86_64, r-oldrel-macos-arm64, r-oldrel-macos-x86_64, r-oldrel-windows-x86_64
Version: 2.0.2
Check: installed package size
Result: NOTE
installed size is 7.0Mb
sub-directories of 1Mb or more:
libs 5.9Mb
Flavors: r-release-macos-arm64, r-release-macos-x86_64, r-oldrel-macos-arm64, r-oldrel-macos-x86_64