Last updated on 2024-07-01 01:48:56 CEST.
Flavor | Version | Tinstall | Tcheck | Ttotal | Status | Flags |
---|---|---|---|---|---|---|
r-devel-linux-x86_64-debian-clang | 1.2-4 | 82.05 | 481.38 | 563.43 | NOTE | |
r-devel-linux-x86_64-debian-gcc | 1.2-4 | 63.71 | 316.21 | 379.92 | NOTE | |
r-devel-linux-x86_64-fedora-clang | 1.2-4 | 735.23 | NOTE | |||
r-devel-linux-x86_64-fedora-gcc | 1.2-4 | 525.43 | NOTE | |||
r-devel-windows-x86_64 | 1.2-4 | 74.00 | 294.00 | 368.00 | NOTE | |
r-patched-linux-x86_64 | 1.2-4 | 84.46 | 431.95 | 516.41 | OK | |
r-release-linux-x86_64 | 1.2-4 | 69.55 | 443.73 | 513.28 | OK | |
r-release-macos-arm64 | 1.2-4 | 144.00 | NOTE | |||
r-release-macos-x86_64 | 1.2-4 | 322.00 | NOTE | |||
r-release-windows-x86_64 | 1.2-4 | 73.00 | 293.00 | 366.00 | OK | |
r-oldrel-macos-arm64 | 1.2-4 | 142.00 | NOTE | |||
r-oldrel-macos-x86_64 | 1.2-4 | 402.00 | NOTE | |||
r-oldrel-windows-x86_64 | 1.2-4 | 98.00 | 391.00 | 489.00 | OK |
Version: 1.2-4
Check: compiled code
Result: NOTE
File ‘bamlss/libs/bamlss.so’:
Found non-API call to R: ‘SET_TYPEOF’
Compiled code should not call non-API entry points in R.
See ‘Writing portable packages’ in the ‘Writing R Extensions’ manual.
See section ‘Moving into C API compliance’ in the ‘Writing R
Extensions’ manual for issues with use of non-API entry points.
Flavors: r-devel-linux-x86_64-debian-clang, r-devel-linux-x86_64-debian-gcc, r-devel-linux-x86_64-fedora-gcc
Version: 1.2-4
Check: Rd cross-references
Result: NOTE
Undeclared package ‘akima’ in Rd xrefs
Flavor: r-devel-linux-x86_64-fedora-clang
Version: 1.2-4
Check: compiled code
Result: NOTE
File ‘bamlss/libs/bamlss.so’:
Found non-API call to R: ‘SET_TYPEOF’
Compiled code should not call non-API entry points in R.
See ‘Writing portable packages’ in the ‘Writing R Extensions’ manual,
and section ‘Moving into C API compliance’ for issues with the use of
non-API entry points.
Flavor: r-devel-linux-x86_64-fedora-clang
Version: 1.2-4
Check: compiled code
Result: NOTE
File 'bamlss/libs/x64/bamlss.dll':
Found non-API call to R: 'SET_TYPEOF'
Compiled code should not call non-API entry points in R.
See 'Writing portable packages' in the 'Writing R Extensions' manual.
See section 'Moving into C API compliance' in the 'Writing R
Extensions' manual for issues with use of non-API entry points.
Flavor: r-devel-windows-x86_64
Version: 1.2-4
Check: installed package size
Result: NOTE
installed size is 5.1Mb
sub-directories of 1Mb or more:
R 3.0Mb
Flavors: r-release-macos-arm64, r-release-macos-x86_64, r-oldrel-macos-arm64, r-oldrel-macos-x86_64