Last updated on 2024-06-27 01:55:11 CEST.
Flavor | Version | Tinstall | Tcheck | Ttotal | Status | Flags |
---|---|---|---|---|---|---|
r-devel-linux-x86_64-debian-clang | 2.2.9 | OK | ||||
r-devel-linux-x86_64-debian-gcc | 2.2.9 | 247.85 | 76.90 | 324.75 | OK | |
r-devel-linux-x86_64-fedora-clang | 2.2.9 | 421.30 | OK | |||
r-devel-linux-x86_64-fedora-gcc | 2.2.9 | 612.71 | OK | |||
r-devel-windows-x86_64 | 2.2.9 | 183.00 | 114.00 | 297.00 | OK | |
r-patched-linux-x86_64 | 2.2.9 | 295.93 | 97.43 | 393.36 | OK | |
r-release-linux-x86_64 | 2.2.9 | 282.76 | 97.25 | 380.01 | OK | |
r-release-macos-arm64 | 2.2.9 | 121.00 | NOTE | |||
r-release-macos-x86_64 | 2.2.9 | 214.00 | NOTE | |||
r-release-windows-x86_64 | 2.2.9 | 186.00 | 111.00 | 297.00 | OK | |
r-oldrel-macos-arm64 | 2.2.9 | 139.00 | NOTE | |||
r-oldrel-macos-x86_64 | 2.2.9 | 378.00 | NOTE | |||
r-oldrel-windows-x86_64 | 2.2.9 | 282.00 | 138.00 | 420.00 | OK |
Version: 2.2.9
Check: installed package size
Result: NOTE
installed size is 127.3Mb
sub-directories of 1Mb or more:
libs 126.9Mb
Flavors: r-release-macos-arm64, r-release-macos-x86_64, r-oldrel-macos-arm64, r-oldrel-macos-x86_64