Last updated on 2024-06-27 01:55:10 CEST.
Flavor | Version | Tinstall | Tcheck | Ttotal | Status | Flags |
---|---|---|---|---|---|---|
r-devel-linux-x86_64-debian-clang | 0.0.2 | OK | ||||
r-devel-linux-x86_64-debian-gcc | 0.0.2 | 1.59 | 18.79 | 20.38 | OK | |
r-devel-linux-x86_64-fedora-clang | 0.0.2 | 33.11 | NOTE | |||
r-devel-linux-x86_64-fedora-gcc | 0.0.2 | 31.45 | NOTE | |||
r-devel-windows-x86_64 | 0.0.2 | 3.00 | 40.00 | 43.00 | OK | |
r-patched-linux-x86_64 | 0.0.2 | 1.61 | 23.21 | 24.82 | OK | |
r-release-linux-x86_64 | 0.0.2 | 1.65 | 23.11 | 24.76 | OK | |
r-release-macos-arm64 | 0.0.2 | 15.00 | OK | |||
r-release-macos-x86_64 | 0.0.2 | 21.00 | OK | |||
r-release-windows-x86_64 | 0.0.2 | 3.00 | 41.00 | 44.00 | OK | |
r-oldrel-macos-arm64 | 0.0.2 | 33.00 | OK | |||
r-oldrel-macos-x86_64 | 0.0.2 | 32.00 | OK | |||
r-oldrel-windows-x86_64 | 0.0.2 | 3.00 | 41.00 | 44.00 | OK |
Version: 0.0.2
Check: data for non-ASCII characters
Result: NOTE
Note: found 1224 marked UTF-8 strings
Flavors: r-devel-linux-x86_64-fedora-clang, r-devel-linux-x86_64-fedora-gcc