Last updated on 2024-06-27 01:55:10 CEST.
Flavor | Version | Tinstall | Tcheck | Ttotal | Status | Flags |
---|---|---|---|---|---|---|
r-devel-linux-x86_64-debian-clang | 0.9.11 | NOTE | ||||
r-devel-linux-x86_64-debian-gcc | 0.9.11 | 2.99 | 72.96 | 75.95 | NOTE | |
r-devel-linux-x86_64-fedora-clang | 0.9.11 | 128.25 | NOTE | |||
r-devel-linux-x86_64-fedora-gcc | 0.9.11 | 126.86 | NOTE | |||
r-devel-windows-x86_64 | 0.9.11 | 5.00 | 90.00 | 95.00 | NOTE | |
r-patched-linux-x86_64 | 0.9.11 | 2.41 | 94.68 | 97.09 | NOTE | |
r-release-linux-x86_64 | 0.9.11 | 2.42 | 92.65 | 95.07 | NOTE | |
r-release-macos-arm64 | 0.9.11 | 41.00 | NOTE | |||
r-release-macos-x86_64 | 0.9.11 | 90.00 | NOTE | |||
r-release-windows-x86_64 | 0.9.11 | 5.00 | 91.00 | 96.00 | NOTE | |
r-oldrel-macos-arm64 | 0.9.11 | 38.00 | NOTE | |||
r-oldrel-macos-x86_64 | 0.9.11 | 63.00 | NOTE | |||
r-oldrel-windows-x86_64 | 0.9.11 | 6.00 | 104.00 | 110.00 | NOTE |
Version: 0.9.11
Check: LazyData
Result: NOTE
'LazyData' is specified without a 'data' directory
Flavors: r-devel-linux-x86_64-debian-clang, r-devel-linux-x86_64-debian-gcc, r-devel-linux-x86_64-fedora-clang, r-devel-linux-x86_64-fedora-gcc, r-devel-windows-x86_64, r-patched-linux-x86_64, r-release-linux-x86_64, r-release-macos-arm64, r-release-macos-x86_64, r-release-windows-x86_64, r-oldrel-macos-arm64, r-oldrel-macos-x86_64, r-oldrel-windows-x86_64
Version: 0.9.11
Check: dependencies in R code
Result: NOTE
Namespaces in Imports field not imported from:
‘plotly’ ‘shinycssloaders’
All declared Imports should be used.
Flavors: r-devel-linux-x86_64-fedora-clang, r-devel-linux-x86_64-fedora-gcc