Last updated on 2024-06-27 01:55:10 CEST.
Flavor | Version | Tinstall | Tcheck | Ttotal | Status | Flags |
---|---|---|---|---|---|---|
r-devel-linux-x86_64-debian-clang | 0.2-30 | NOTE | ||||
r-devel-linux-x86_64-debian-gcc | 0.2-30 | 27.10 | 123.47 | 150.57 | NOTE | |
r-devel-linux-x86_64-fedora-clang | 0.2-30 | 307.70 | NOTE | |||
r-devel-linux-x86_64-fedora-gcc | 0.2-30 | 265.84 | NOTE | |||
r-devel-windows-x86_64 | 0.2-30 | 41.00 | 141.00 | 182.00 | NOTE | |
r-patched-linux-x86_64 | 0.2-30 | 39.38 | 160.24 | 199.62 | OK | |
r-release-linux-x86_64 | 0.2-30 | 31.78 | 165.16 | 196.94 | OK | |
r-release-macos-arm64 | 0.2-30 | 74.00 | OK | |||
r-release-macos-x86_64 | 0.2-30 | 111.00 | OK | |||
r-release-windows-x86_64 | 0.2-30 | 43.00 | 141.00 | 184.00 | NOTE | |
r-oldrel-macos-arm64 | 0.2-30 | 78.00 | OK | |||
r-oldrel-macos-x86_64 | 0.2-30 | 207.00 | OK | |||
r-oldrel-windows-x86_64 | 0.2-30 | 41.00 | 183.00 | 224.00 | NOTE |
Version: 0.2-30
Check: compiled code
Result: NOTE
File ‘arulesSequences/libs/arulesSequences.so’:
Found non-API call to R: ‘Rf_NonNullStringMatch’
Compiled code should not call non-API entry points in R.
See ‘Writing portable packages’ in the ‘Writing R Extensions’ manual.
Flavors: r-devel-linux-x86_64-debian-clang, r-devel-linux-x86_64-debian-gcc, r-devel-linux-x86_64-fedora-clang, r-devel-linux-x86_64-fedora-gcc
Version: 0.2-30
Check: installed package size
Result: NOTE
installed size is 14.3Mb
sub-directories of 1Mb or more:
bin 11.3Mb
misc 2.1Mb
Flavors: r-devel-windows-x86_64, r-release-windows-x86_64, r-oldrel-windows-x86_64
Version: 0.2-30
Check: compiled code
Result: NOTE
File 'arulesSequences/libs/x64/arulesSequences.dll':
Found non-API call to R: 'Rf_NonNullStringMatch'
Compiled code should not call non-API entry points in R.
See 'Writing portable packages' in the 'Writing R Extensions' manual.
Flavor: r-devel-windows-x86_64