Last updated on 2024-06-27 01:55:09 CEST.
Flavor | Version | Tinstall | Tcheck | Ttotal | Status | Flags |
---|---|---|---|---|---|---|
r-devel-linux-x86_64-debian-clang | 1.3.3 | OK | ||||
r-devel-linux-x86_64-debian-gcc | 1.3.3 | 4.86 | 38.35 | 43.21 | OK | |
r-devel-linux-x86_64-fedora-clang | 1.3.3 | 73.68 | NOTE | |||
r-devel-linux-x86_64-fedora-gcc | 1.3.3 | 69.22 | OK | |||
r-devel-windows-x86_64 | 1.3.3 | 7.00 | 65.00 | 72.00 | OK | |
r-patched-linux-x86_64 | 1.3.3 | 6.17 | 49.80 | 55.97 | OK | |
r-release-linux-x86_64 | 1.3.3 | 6.76 | 50.76 | 57.52 | OK | |
r-release-macos-arm64 | 1.3.3 | 24.00 | OK | |||
r-release-macos-x86_64 | 1.3.3 | 39.00 | OK | |||
r-release-windows-x86_64 | 1.3.3 | 8.00 | 64.00 | 72.00 | OK | |
r-oldrel-macos-arm64 | 1.3.3 | 38.00 | OK | |||
r-oldrel-macos-x86_64 | 1.3.3 | 79.00 | OK | |||
r-oldrel-windows-x86_64 | 1.3.3 | 9.00 | 74.00 | 83.00 | OK |
Version: 1.3.3
Check: Rd cross-references
Result: NOTE
Undeclared packages ‘geepack’, ‘dispmod’ in Rd xrefs
Flavor: r-devel-linux-x86_64-fedora-clang