Last updated on 2024-06-27 01:55:33 CEST.
Flavor | Version | Tinstall | Tcheck | Ttotal | Status | Flags |
---|---|---|---|---|---|---|
r-devel-linux-x86_64-debian-clang | 0.0.1 | NOTE | ||||
r-devel-linux-x86_64-debian-gcc | 0.0.1 | 268.24 | 171.20 | 439.44 | NOTE | |
r-devel-linux-x86_64-fedora-clang | 0.0.1 | 656.01 | NOTE | |||
r-devel-linux-x86_64-fedora-gcc | 0.0.1 | 836.12 | NOTE | |||
r-devel-windows-x86_64 | 0.0.1 | 250.00 | 188.00 | 438.00 | NOTE | |
r-patched-linux-x86_64 | 0.0.1 | 234.00 | 227.35 | 461.35 | NOTE | |
r-release-linux-x86_64 | 0.0.1 | 261.07 | 228.15 | 489.22 | NOTE | |
r-release-macos-arm64 | 0.0.1 | 161.00 | NOTE | |||
r-release-macos-x86_64 | 0.0.1 | 222.00 | NOTE | |||
r-release-windows-x86_64 | 0.0.1 | 239.00 | 191.00 | 430.00 | NOTE | |
r-oldrel-macos-arm64 | 0.0.1 | 164.00 | NOTE | |||
r-oldrel-macos-x86_64 | 0.0.1 | 251.00 | NOTE | |||
r-oldrel-windows-x86_64 | 0.0.1 | 328.00 | 232.00 | 560.00 | NOTE |
Version: 0.0.1
Check: for GNU extensions in Makefiles
Result: NOTE
GNU make is a SystemRequirements.
Flavors: r-devel-linux-x86_64-debian-clang, r-devel-linux-x86_64-debian-gcc, r-devel-linux-x86_64-fedora-clang, r-devel-linux-x86_64-fedora-gcc, r-devel-windows-x86_64, r-patched-linux-x86_64, r-release-linux-x86_64, r-release-macos-arm64, r-release-macos-x86_64, r-release-windows-x86_64, r-oldrel-macos-arm64, r-oldrel-macos-x86_64, r-oldrel-windows-x86_64
Version: 0.0.1
Check: dependencies in R code
Result: NOTE
Namespace in Imports field not imported from: ‘rstantools’
All declared Imports should be used.
Flavors: r-devel-linux-x86_64-fedora-clang, r-devel-linux-x86_64-fedora-gcc
Version: 0.0.1
Check: installed package size
Result: NOTE
installed size is 56.0Mb
sub-directories of 1Mb or more:
libs 55.7Mb
Flavors: r-release-macos-arm64, r-release-macos-x86_64, r-oldrel-macos-arm64, r-oldrel-macos-x86_64