Last updated on 2024-06-27 01:55:33 CEST.
Flavor | Version | Tinstall | Tcheck | Ttotal | Status | Flags |
---|---|---|---|---|---|---|
r-devel-linux-x86_64-debian-clang | 2.1-14 | OK | ||||
r-devel-linux-x86_64-debian-gcc | 2.1-14 | 3.62 | 23.11 | 26.73 | OK | |
r-devel-linux-x86_64-fedora-clang | 2.1-14 | 43.79 | NOTE | |||
r-devel-linux-x86_64-fedora-gcc | 2.1-14 | 42.11 | OK | |||
r-devel-windows-x86_64 | 2.1-14 | 7.00 | 44.00 | 51.00 | OK | |
r-patched-linux-x86_64 | 2.1-14 | 4.68 | 29.37 | 34.05 | OK | |
r-release-linux-x86_64 | 2.1-14 | 3.97 | 28.28 | 32.25 | OK | |
r-release-macos-arm64 | 2.1-14 | 17.00 | OK | |||
r-release-macos-x86_64 | 2.1-14 | 33.00 | OK | |||
r-release-windows-x86_64 | 2.1-14 | 9.00 | 44.00 | 53.00 | OK | |
r-oldrel-macos-arm64 | 2.1-14 | 18.00 | OK | |||
r-oldrel-macos-x86_64 | 2.1-14 | 25.00 | OK | |||
r-oldrel-windows-x86_64 | 2.1-14 | 11.00 | 45.00 | 56.00 | OK |
Version: 2.1-14
Check: Rd cross-references
Result: NOTE
Undeclared package ‘dtw’ in Rd xrefs
Flavor: r-devel-linux-x86_64-fedora-clang