Last updated on 2024-06-27 01:55:32 CEST.
Flavor | Version | Tinstall | Tcheck | Ttotal | Status | Flags |
---|---|---|---|---|---|---|
r-devel-linux-x86_64-debian-clang | 0.1 | NOTE | ||||
r-devel-linux-x86_64-debian-gcc | 0.1 | 6.71 | 65.60 | 72.31 | NOTE | |
r-devel-linux-x86_64-fedora-clang | 0.1 | 120.15 | NOTE | |||
r-devel-linux-x86_64-fedora-gcc | 0.1 | 113.32 | NOTE | |||
r-devel-windows-x86_64 | 0.1 | 8.00 | 79.00 | 87.00 | NOTE | |
r-patched-linux-x86_64 | 0.1 | 7.44 | 84.14 | 91.58 | NOTE | |
r-release-linux-x86_64 | 0.1 | 6.34 | 85.53 | 91.87 | NOTE | |
r-release-macos-arm64 | 0.1 | 35.00 | NOTE | |||
r-release-macos-x86_64 | 0.1 | 60.00 | NOTE | |||
r-release-windows-x86_64 | 0.1 | 8.00 | 83.00 | 91.00 | NOTE | |
r-oldrel-macos-arm64 | 0.1 | 40.00 | NOTE | |||
r-oldrel-macos-x86_64 | 0.1 | 65.00 | NOTE | |||
r-oldrel-windows-x86_64 | 0.1 | 10.00 | 96.00 | 106.00 | NOTE |
Version: 0.1
Check: LazyData
Result: NOTE
'LazyData' is specified without a 'data' directory
Flavors: r-devel-linux-x86_64-debian-clang, r-devel-linux-x86_64-debian-gcc, r-devel-linux-x86_64-fedora-clang, r-devel-linux-x86_64-fedora-gcc, r-devel-windows-x86_64, r-patched-linux-x86_64, r-release-linux-x86_64, r-release-macos-arm64, r-release-macos-x86_64, r-release-windows-x86_64, r-oldrel-macos-arm64, r-oldrel-macos-x86_64, r-oldrel-windows-x86_64