Last updated on 2024-06-27 01:55:32 CEST.
Flavor | Version | Tinstall | Tcheck | Ttotal | Status | Flags |
---|---|---|---|---|---|---|
r-devel-linux-x86_64-debian-clang | 1.3.1 | NOTE | ||||
r-devel-linux-x86_64-debian-gcc | 1.3.1 | 12.32 | 88.16 | 100.48 | NOTE | |
r-devel-linux-x86_64-fedora-clang | 1.3.1 | 174.99 | NOTE | |||
r-devel-linux-x86_64-fedora-gcc | 1.3.1 | 153.91 | NOTE | |||
r-devel-windows-x86_64 | 1.3.1 | 12.00 | 125.00 | 137.00 | NOTE | |
r-patched-linux-x86_64 | 1.3.1 | 13.88 | 114.15 | 128.03 | NOTE | |
r-release-linux-x86_64 | 1.3.1 | 12.51 | 117.11 | 129.62 | NOTE | |
r-release-macos-arm64 | 1.3.1 | 50.00 | NOTE | |||
r-release-macos-x86_64 | 1.3.1 | 91.00 | NOTE | |||
r-release-windows-x86_64 | 1.3.1 | 12.00 | 127.00 | 139.00 | NOTE | |
r-oldrel-macos-arm64 | 1.3.1 | 52.00 | OK | |||
r-oldrel-macos-x86_64 | 1.3.1 | 84.00 | OK | |||
r-oldrel-windows-x86_64 | 1.3.1 | 16.00 | 153.00 | 169.00 | OK |
Version: 1.3.1
Check: Rd files
Result: NOTE
checkRd: (-1) summary.armasubsets.Rd:16: Lost braces
16 | \item{matrix.logical}{With matrix=TRUE, the matrix is logical TRUE/FALSE or string "*"/code{" "}}
| ^
Flavors: r-devel-linux-x86_64-debian-clang, r-devel-linux-x86_64-debian-gcc, r-devel-linux-x86_64-fedora-clang, r-devel-linux-x86_64-fedora-gcc, r-devel-windows-x86_64, r-patched-linux-x86_64, r-release-linux-x86_64, r-release-macos-arm64, r-release-macos-x86_64, r-release-windows-x86_64
Version: 1.3.1
Check: dependencies in R code
Result: NOTE
Namespace in Imports field not imported from: ‘tseries’
All declared Imports should be used.
Flavors: r-devel-linux-x86_64-fedora-clang, r-devel-linux-x86_64-fedora-gcc