Last updated on 2024-06-27 01:55:32 CEST.
Flavor | Version | Tinstall | Tcheck | Ttotal | Status | Flags |
---|---|---|---|---|---|---|
r-devel-linux-x86_64-debian-clang | 1.9.12 | OK | ||||
r-devel-linux-x86_64-debian-gcc | 1.9.12 | 84.48 | 70.21 | 154.69 | OK | |
r-devel-linux-x86_64-fedora-clang | 1.9.12 | 230.93 | NOTE | |||
r-devel-linux-x86_64-fedora-gcc | 1.9.12 | 304.79 | OK | |||
r-devel-windows-x86_64 | 1.9.12 | 96.00 | 94.00 | 190.00 | NOTE | |
r-patched-linux-x86_64 | 1.9.11 | 104.29 | 91.22 | 195.51 | OK | |
r-release-linux-x86_64 | 1.9.12 | 100.88 | 91.67 | 192.55 | OK | |
r-release-macos-arm64 | 1.9.12 | 87.00 | NOTE | |||
r-release-macos-x86_64 | 1.9.12 | 218.00 | NOTE | |||
r-release-windows-x86_64 | 1.9.12 | 99.00 | 97.00 | 196.00 | NOTE | |
r-oldrel-macos-arm64 | 1.9.12 | 88.00 | NOTE | |||
r-oldrel-macos-x86_64 | 1.9.12 | 246.00 | NOTE | |||
r-oldrel-windows-x86_64 | 1.9.12 | 118.00 | 108.00 | 226.00 | NOTE |
Version: 1.9.12
Check: installed package size
Result: NOTE
installed size is 5.3Mb
sub-directories of 1Mb or more:
examples 1.2Mb
include 3.7Mb
Flavors: r-devel-linux-x86_64-fedora-clang, r-devel-windows-x86_64, r-release-macos-arm64, r-release-macos-x86_64, r-release-windows-x86_64, r-oldrel-macos-arm64, r-oldrel-macos-x86_64, r-oldrel-windows-x86_64