Last updated on 2024-06-16 01:49:40 CEST.
Flavor | Version | Tinstall | Tcheck | Ttotal | Status | Flags |
---|---|---|---|---|---|---|
r-devel-linux-x86_64-debian-clang | 2.1.2 | 25.62 | 101.09 | 126.71 | NOTE | |
r-devel-linux-x86_64-debian-gcc | 2.1.2 | 18.53 | 73.81 | 92.34 | NOTE | |
r-devel-linux-x86_64-fedora-clang | 2.1.2 | 164.36 | NOTE | |||
r-devel-linux-x86_64-fedora-gcc | 2.1.2 | 172.00 | NOTE | |||
r-devel-windows-x86_64 | 2.1.2 | 23.00 | 147.00 | 170.00 | NOTE | |
r-patched-linux-x86_64 | 2.1.2 | 28.15 | 96.07 | 124.22 | NOTE | |
r-release-linux-x86_64 | 2.1.2 | 23.30 | 96.31 | 119.61 | NOTE | |
r-release-macos-arm64 | 2.1.2 | 45.00 | NOTE | |||
r-release-macos-x86_64 | 2.1.2 | 70.00 | NOTE | |||
r-release-windows-x86_64 | 2.1.2 | 22.00 | 125.00 | 147.00 | NOTE | |
r-oldrel-macos-arm64 | 2.1.2 | 54.00 | OK | |||
r-oldrel-macos-x86_64 | 2.1.2 | 78.00 | OK | |||
r-oldrel-windows-x86_64 | 2.1.2 | 30.00 | 142.00 | 172.00 | OK |
Version: 2.1.2
Check: Rd files
Result: NOTE
checkRd: (-1) tess.plot.multichain.diagnostics.Rd:45: Lost braces in \itemize; meant \describe ?
checkRd: (-1) tess.plot.multichain.diagnostics.Rd:46: Lost braces in \itemize; meant \describe ?
checkRd: (-1) tess.plot.multichain.diagnostics.Rd:47: Lost braces in \itemize; meant \describe ?
checkRd: (-1) tess.plot.multichain.diagnostics.Rd:48: Lost braces in \itemize; meant \describe ?
checkRd: (-1) tess.plot.multichain.diagnostics.Rd:49: Lost braces in \itemize; meant \describe ?
checkRd: (-1) tess.plot.multichain.diagnostics.Rd:50: Lost braces in \itemize; meant \describe ?
checkRd: (-1) tess.plot.multichain.diagnostics.Rd:51: Lost braces in \itemize; meant \describe ?
checkRd: (-1) tess.plot.output.Rd:47: Lost braces in \itemize; meant \describe ?
checkRd: (-1) tess.plot.output.Rd:48: Lost braces in \itemize; meant \describe ?
checkRd: (-1) tess.plot.output.Rd:49: Lost braces in \itemize; meant \describe ?
checkRd: (-1) tess.plot.output.Rd:50: Lost braces in \itemize; meant \describe ?
checkRd: (-1) tess.plot.output.Rd:51: Lost braces in \itemize; meant \describe ?
checkRd: (-1) tess.plot.output.Rd:52: Lost braces in \itemize; meant \describe ?
checkRd: (-1) tess.plot.output.Rd:53: Lost braces in \itemize; meant \describe ?
checkRd: (-1) tess.plot.output.Rd:54: Lost braces in \itemize; meant \describe ?
checkRd: (-1) tess.plot.output.Rd:55: Lost braces in \itemize; meant \describe ?
checkRd: (-1) tess.plot.output.Rd:56: Lost braces in \itemize; meant \describe ?
checkRd: (-1) tess.plot.singlechain.diagnostics.Rd:49: Lost braces in \itemize; meant \describe ?
checkRd: (-1) tess.plot.singlechain.diagnostics.Rd:50: Lost braces in \itemize; meant \describe ?
checkRd: (-1) tess.plot.singlechain.diagnostics.Rd:51: Lost braces in \itemize; meant \describe ?
checkRd: (-1) tess.plot.singlechain.diagnostics.Rd:52: Lost braces in \itemize; meant \describe ?
checkRd: (-1) tess.plot.singlechain.diagnostics.Rd:53: Lost braces in \itemize; meant \describe ?
checkRd: (-1) tess.plot.singlechain.diagnostics.Rd:54: Lost braces in \itemize; meant \describe ?
checkRd: (-1) tess.plot.singlechain.diagnostics.Rd:55: Lost braces in \itemize; meant \describe ?
Flavors: r-devel-linux-x86_64-debian-clang, r-devel-linux-x86_64-debian-gcc, r-devel-linux-x86_64-fedora-clang, r-devel-linux-x86_64-fedora-gcc, r-devel-windows-x86_64, r-patched-linux-x86_64, r-release-linux-x86_64, r-release-macos-arm64, r-release-macos-x86_64, r-release-windows-x86_64