Last updated on 2024-06-27 01:55:30 CEST.
Flavor | Version | Tinstall | Tcheck | Ttotal | Status | Flags |
---|---|---|---|---|---|---|
r-devel-linux-x86_64-debian-clang | 1.0.0 | NOTE | ||||
r-devel-linux-x86_64-debian-gcc | 1.0.0 | 10.47 | 93.22 | 103.69 | NOTE | |
r-devel-linux-x86_64-fedora-clang | 1.0.0 | 174.89 | NOTE | |||
r-devel-linux-x86_64-fedora-gcc | 1.0.0 | 177.94 | NOTE | |||
r-devel-windows-x86_64 | 1.0.0 | 12.00 | 104.00 | 116.00 | NOTE | |
r-patched-linux-x86_64 | 1.0.0 | 22.35 | 120.36 | 142.71 | NOTE | |
r-release-linux-x86_64 | 1.0.0 | 11.50 | 120.65 | 132.15 | NOTE | |
r-release-macos-arm64 | 1.0.0 | 45.00 | NOTE | |||
r-release-macos-x86_64 | 1.0.0 | 84.00 | NOTE | |||
r-release-windows-x86_64 | 1.0.0 | 12.00 | 104.00 | 116.00 | NOTE | |
r-oldrel-macos-arm64 | 1.0.0 | 57.00 | OK | |||
r-oldrel-macos-x86_64 | 1.0.0 | 88.00 | OK | |||
r-oldrel-windows-x86_64 | 1.0.0 | 16.00 | 126.00 | 142.00 | OK |
Version: 1.0.0
Check: Rd files
Result: NOTE
checkRd: (-1) create.FEM.basis.Rd:131: Lost braces in \enumerate; \value handles \item{}{} directly
checkRd: (-1) create.FEM.basis.Rd:132: Lost braces in \enumerate; \value handles \item{}{} directly
checkRd: (-1) create.FEM.basis.Rd:133-134: Lost braces in \enumerate; \value handles \item{}{} directly
checkRd: (-1) create.FEM.basis.Rd:135-138: Lost braces in \enumerate; \value handles \item{}{} directly
checkRd: (-1) create.FEM.basis.Rd:139-142: Lost braces in \enumerate; \value handles \item{}{} directly
checkRd: (-1) create.FEM.basis.Rd:143-146: Lost braces in \enumerate; \value handles \item{}{} directly
checkRd: (-1) makenodes.Rd:38-40: Lost braces in \itemize; \value handles \item{}{} directly
checkRd: (-1) makenodes.Rd:41-48: Lost braces in \itemize; \value handles \item{}{} directly
checkRd: (-1) makenodes.Rd:49-61: Lost braces in \itemize; \value handles \item{}{} directly
checkRd: (-1) makenodes.Rd:62-64: Lost braces in \itemize; \value handles \item{}{} directly
checkRd: (-1) makenodes.Rd:65-67: Lost braces in \itemize; \value handles \item{}{} directly
checkRd: (-1) mass.FEM.Rd:17: Lost braces in \itemize; meant \describe ?
checkRd: (-1) mass.FEM.Rd:18: Lost braces in \itemize; meant \describe ?
checkRd: (-1) mass.FEM.Rd:19: Lost braces in \itemize; meant \describe ?
checkRd: (-1) mass.FEM.Rd:20-21: Lost braces in \itemize; meant \describe ?
checkRd: (-1) squareMesh.Rd:25: Lost braces in \itemize; \value handles \item{}{} directly
checkRd: (-1) squareMesh.Rd:26-27: Lost braces in \itemize; \value handles \item{}{} directly
checkRd: (-1) squareMesh.Rd:28-29: Lost braces in \itemize; \value handles \item{}{} directly
checkRd: (-1) squareMesh_RL.Rd:28: Lost braces in \itemize; \value handles \item{}{} directly
checkRd: (-1) squareMesh_RL.Rd:29-30: Lost braces in \itemize; \value handles \item{}{} directly
checkRd: (-1) squareMesh_RL.Rd:31-32: Lost braces in \itemize; \value handles \item{}{} directly
checkRd: (-1) stiff.FEM.Rd:17: Lost braces in \itemize; meant \describe ?
checkRd: (-1) stiff.FEM.Rd:18: Lost braces in \itemize; meant \describe ?
checkRd: (-1) stiff.FEM.Rd:19: Lost braces in \itemize; meant \describe ?
checkRd: (-1) stiff.FEM.Rd:20-21: Lost braces in \itemize; meant \describe ?
Flavors: r-devel-linux-x86_64-debian-clang, r-devel-linux-x86_64-debian-gcc, r-devel-linux-x86_64-fedora-clang, r-devel-linux-x86_64-fedora-gcc, r-devel-windows-x86_64, r-patched-linux-x86_64, r-release-linux-x86_64, r-release-macos-arm64, r-release-macos-x86_64, r-release-windows-x86_64