Last updated on 2024-06-27 01:55:29 CEST.
Flavor | Version | Tinstall | Tcheck | Ttotal | Status | Flags |
---|---|---|---|---|---|---|
r-devel-linux-x86_64-debian-clang | 1.0.6 | NOTE | ||||
r-devel-linux-x86_64-debian-gcc | 1.0.6 | 32.14 | 256.85 | 288.99 | NOTE | |
r-devel-linux-x86_64-fedora-clang | 1.0.6 | 505.79 | NOTE | |||
r-devel-linux-x86_64-fedora-gcc | 1.0.6 | 519.01 | NOTE | |||
r-devel-windows-x86_64 | 1.0.6 | 32.00 | 227.00 | 259.00 | NOTE | |
r-patched-linux-x86_64 | 1.0.6 | 38.99 | 352.71 | 391.70 | OK | |
r-release-linux-x86_64 | 1.0.6 | 34.45 | 347.17 | 381.62 | OK | |
r-release-macos-arm64 | 1.0.6 | 115.00 | OK | |||
r-release-macos-x86_64 | 1.0.6 | 191.00 | OK | |||
r-release-windows-x86_64 | 1.0.6 | 34.00 | 230.00 | 264.00 | OK | |
r-oldrel-macos-arm64 | 1.0.6 | 142.00 | OK | |||
r-oldrel-macos-x86_64 | 1.0.6 | 428.00 | OK | |||
r-oldrel-windows-x86_64 | 1.0.6 | 47.00 | 314.00 | 361.00 | OK |
Version: 1.0.6
Check: compiled code
Result: NOTE
File ‘SiMRiv/libs/SiMRiv.so’:
Found non-API call to R: ‘SET_TYPEOF’
Compiled code should not call non-API entry points in R.
See ‘Writing portable packages’ in the ‘Writing R Extensions’ manual.
Flavors: r-devel-linux-x86_64-debian-clang, r-devel-linux-x86_64-debian-gcc, r-devel-linux-x86_64-fedora-clang, r-devel-linux-x86_64-fedora-gcc
Version: 1.0.6
Check: compiled code
Result: NOTE
File 'SiMRiv/libs/x64/SiMRiv.dll':
Found non-API call to R: 'SET_TYPEOF'
Compiled code should not call non-API entry points in R.
See 'Writing portable packages' in the 'Writing R Extensions' manual.
Flavor: r-devel-windows-x86_64