Last updated on 2024-06-27 01:55:26 CEST.
Flavor | Version | Tinstall | Tcheck | Ttotal | Status | Flags |
---|---|---|---|---|---|---|
r-devel-linux-x86_64-debian-clang | 1.1.0 | NOTE | ||||
r-devel-linux-x86_64-debian-gcc | 1.1.0 | 40.41 | 91.24 | 131.65 | NOTE | |
r-devel-linux-x86_64-fedora-clang | 1.1.0 | 225.31 | NOTE | |||
r-devel-linux-x86_64-fedora-gcc | 1.1.0 | 224.56 | NOTE | |||
r-devel-windows-x86_64 | 1.1.0 | 46.00 | 89.00 | 135.00 | NOTE | |
r-patched-linux-x86_64 | 1.1.0 | 48.87 | 112.38 | 161.25 | OK | |
r-release-linux-x86_64 | 1.1.0 | 51.60 | 109.28 | 160.88 | OK | |
r-release-macos-arm64 | 1.1.0 | 53.00 | OK | |||
r-release-macos-x86_64 | 1.1.0 | 77.00 | OK | |||
r-release-windows-x86_64 | 1.1.0 | 49.00 | 128.00 | 177.00 | OK | |
r-oldrel-macos-arm64 | 1.1.0 | 53.00 | OK | |||
r-oldrel-macos-x86_64 | 1.1.0 | 86.00 | OK | |||
r-oldrel-windows-x86_64 | 1.1.0 | 49.00 | 112.00 | 161.00 | OK |
Version: 1.1.0
Check: compiled code
Result: NOTE
File ‘RcppBigIntAlgos/libs/RcppBigIntAlgos.so’:
Found non-API calls to R: ‘SETLENGTH’, ‘SET_GROWABLE_BIT’,
‘SET_TRUELENGTH’
Compiled code should not call non-API entry points in R.
See ‘Writing portable packages’ in the ‘Writing R Extensions’ manual.
Flavors: r-devel-linux-x86_64-debian-clang, r-devel-linux-x86_64-debian-gcc, r-devel-linux-x86_64-fedora-clang, r-devel-linux-x86_64-fedora-gcc
Version: 1.1.0
Check: compiled code
Result: NOTE
File 'RcppBigIntAlgos/libs/x64/RcppBigIntAlgos.dll':
Found non-API calls to R: 'SETLENGTH', 'SET_GROWABLE_BIT',
'SET_TRUELENGTH'
Compiled code should not call non-API entry points in R.
See 'Writing portable packages' in the 'Writing R Extensions' manual.
Flavor: r-devel-windows-x86_64