Last updated on 2024-06-27 01:55:28 CEST.
Flavor | Version | Tinstall | Tcheck | Ttotal | Status | Flags |
---|---|---|---|---|---|---|
r-devel-linux-x86_64-debian-clang | 1.4.3 | OK | ||||
r-devel-linux-x86_64-debian-gcc | 1.4.3 | 12.93 | 98.68 | 111.61 | OK | |
r-devel-linux-x86_64-fedora-clang | 1.4.3 | 191.91 | NOTE | |||
r-devel-linux-x86_64-fedora-gcc | 1.4.3 | 182.90 | NOTE | |||
r-devel-windows-x86_64 | 1.4.3 | 21.00 | 125.00 | 146.00 | OK | |
r-patched-linux-x86_64 | 1.4.3 | 16.82 | 125.32 | 142.14 | OK | |
r-release-linux-x86_64 | 1.4.3 | 15.69 | 121.92 | 137.61 | OK | |
r-release-macos-arm64 | 1.4.3 | 56.00 | OK | |||
r-release-macos-x86_64 | 1.4.3 | 83.00 | OK | |||
r-release-windows-x86_64 | 1.4.3 | 20.00 | 118.00 | 138.00 | OK | |
r-oldrel-macos-arm64 | 1.4.3 | 61.00 | OK | |||
r-oldrel-macos-x86_64 | 1.4.3 | 90.00 | OK | |||
r-oldrel-windows-x86_64 | 1.4.3 | 26.00 | 141.00 | 167.00 | OK |
Version: 1.4.3
Check: compiled code
Result: NOTE
File ‘RTextTools/libs/RTextTools.so’:
Found no calls to: ‘R_registerRoutines’, ‘R_useDynamicSymbols’
It is good practice to register native routines and to disable symbol
search.
See ‘Writing portable packages’ in the ‘Writing R Extensions’ manual.
Flavors: r-devel-linux-x86_64-fedora-clang, r-devel-linux-x86_64-fedora-gcc